{"id":342,"date":"2019-11-20T15:20:30","date_gmt":"2019-11-20T14:20:30","guid":{"rendered":"https:\/\/rodolphevigne.com\/?post_type=product&#038;p=342"},"modified":"2022-07-30T16:08:12","modified_gmt":"2022-07-30T14:08:12","slug":"soin-pour-les-sportifs","status":"publish","type":"product","link":"https:\/\/rodolphevigne.com\/?product=soin-pour-les-sportifs","title":{"rendered":"S\u00e9ance pour les sportifs"},"content":{"rendered":"<div class=\"elementor-element elementor-element-6a7bf9f elementor-column elementor-col-66 elementor-top-column\" data-id=\"6a7bf9f\" data-element_type=\"column\">\n<div class=\"elementor-column-wrap elementor-element-populated\">\n<div class=\"elementor-widget-wrap\">\n<div class=\"elementor-element elementor-element-68a466a elementor-widget elementor-widget-text-editor\" data-id=\"68a466a\" data-element_type=\"widget\" data-widget_type=\"text-editor.default\">\n<div class=\"elementor-widget-container\">\n<div class=\"elementor-text-editor elementor-clearfix\">\n<h4><strong>Pour les sportifs<\/strong><\/h4>\n<h4><em>\u00a0En pr\u00e9sence ou \u00e0 distance \/ \u00c9galement possible en groupe\u00a0<\/em>\u00a0\u00a0\u00a0\u00a0\u00a0\u00a0\u00a0\u00a0\u00a0\u00a0\u00a0\u00a0\u00a0\u00a0\u00a0\u00a0\u00a0\u00a0\u00a0<em>\u00a0\u00a0\u00a0\u00a0\u00a0\u00a0\u00a0\u00a0\u00a0\u00a0\u00a0\u00a0\u00a0\u00a0\u00a0\u00a0\u00a0\u00a0\u00a0\u00a0\u00a0\u00a0\u00a0\u00a0\u00a0\u00a0\u00a0\u00a0\u00a0\u00a0\u00a0\u00a0<\/em><\/h4>\n<h4><em>Quelle que soit l\u2019activit\u00e9 physique, quand elle est intense elle demande au corps d\u2019aller chercher dans sa ressource. Il est donc important de maintenir un fonctionnement de qualit\u00e9. Pour\u00a0 r\u00e9cup\u00e9rer plus vite et mieux, pour r\u00e9duire le risque de blessure. Mais aussi pour apaiser le mental, le stress, les \u00e9motions qui peuvent inhiber lors d\u2019une comp\u00e9tition.<\/em><\/h4>\n<h4><em><strong>En individuel 85\u20ac \/En groupe 30\u20ac par personne<\/strong><\/em><\/h4>\n<\/div>\n<\/div>\n<\/div>\n<\/div>\n<\/div>\n<\/div>\n<div id=\"cliquemailclipboardInfo\" class=\"cliquemailHiddenPopup\" style=\"z-index: 1102;\">\n<div id=\"cliquemailcontentTo\"><\/div>\n<\/div>\n<div><\/div>\n<span class=\"et_bloom_bottom_trigger\"><\/span>","protected":false},"excerpt":{"rendered":"<p>&nbsp;<\/p>\n<div id=\"cliquemailclipboardInfo\" class=\"cliquemailHiddenPopup\" style=\"z-index: 1102;\">\n<div id=\"cliquemailcontentTo\"><\/div>\n<\/div>\n<div><\/div>\n","protected":false},"featured_media":264,"template":"","meta":{"neve_meta_sidebar":"","neve_meta_container":"","neve_meta_enable_content_width":"","neve_meta_content_width":0,"neve_meta_title_alignment":"","neve_meta_author_avatar":"","neve_post_elements_order":"","neve_meta_disable_header":"","neve_meta_disable_footer":"","neve_meta_disable_title":"","_ti_tpc_template_sync":false,"_ti_tpc_template_id":""},"class_list":{"0":"post-342","1":"product","2":"type-product","3":"status-publish","4":"has-post-thumbnail","6":"product_cat-individuels","8":"first","9":"instock","10":"taxable","11":"shipping-taxable","12":"purchasable","13":"product-type-simple"},"_links":{"self":[{"href":"https:\/\/rodolphevigne.com\/index.php?rest_route=\/wp\/v2\/product\/342"}],"collection":[{"href":"https:\/\/rodolphevigne.com\/index.php?rest_route=\/wp\/v2\/product"}],"about":[{"href":"https:\/\/rodolphevigne.com\/index.php?rest_route=\/wp\/v2\/types\/product"}],"wp:featuredmedia":[{"embeddable":true,"href":"https:\/\/rodolphevigne.com\/index.php?rest_route=\/wp\/v2\/media\/264"}],"wp:attachment":[{"href":"https:\/\/rodolphevigne.com\/index.php?rest_route=%2Fwp%2Fv2%2Fmedia&parent=342"}],"curies":[{"name":"wp","href":"https:\/\/api.w.org\/{rel}","templated":true}]}}