{"id":63,"date":"2019-04-09T10:25:42","date_gmt":"2019-04-09T08:25:42","guid":{"rendered":"http:\/\/rodolphevigne.com\/?page_id=63"},"modified":"2022-07-30T16:05:05","modified_gmt":"2022-07-30T14:05:05","slug":"a-propos","status":"publish","type":"page","link":"https:\/\/rodolphevigne.com\/?page_id=63","title":{"rendered":"\u00c1 PROPOS"},"content":{"rendered":"\t\t<div data-elementor-type=\"wp-post\" data-elementor-id=\"63\" class=\"elementor elementor-63\">\n\t\t\t\t\t\t<section class=\"elementor-section elementor-top-section elementor-element elementor-element-8259f9c elementor-section-boxed elementor-section-height-default elementor-section-height-default\" data-id=\"8259f9c\" data-element_type=\"section\" data-e-type=\"section\">\n\t\t\t\t\t\t<div class=\"elementor-container elementor-column-gap-default\">\n\t\t\t\t\t<div class=\"elementor-column elementor-col-33 elementor-top-column elementor-element elementor-element-fc36354\" data-id=\"fc36354\" data-element_type=\"column\" data-e-type=\"column\">\n\t\t\t<div class=\"elementor-widget-wrap elementor-element-populated\">\n\t\t\t\t\t\t<div class=\"elementor-element elementor-element-92d25dd elementor-widget elementor-widget-image\" data-id=\"92d25dd\" data-element_type=\"widget\" data-e-type=\"widget\" data-widget_type=\"image.default\">\n\t\t\t\t<div class=\"elementor-widget-container\">\n\t\t\t\t\t\t\t\t\t\t\t\t\t\t\t<img fetchpriority=\"high\" decoding=\"async\" width=\"227\" height=\"227\" src=\"https:\/\/rodolphevigne.com\/wp-content\/uploads\/2022\/06\/Screenshot-2022-04-25-at-18-54-59-Discussion-entre-Gentlemen.png\" class=\"attachment-large size-large wp-image-1795\" alt=\"\" srcset=\"https:\/\/rodolphevigne.com\/wp-content\/uploads\/2022\/06\/Screenshot-2022-04-25-at-18-54-59-Discussion-entre-Gentlemen.png 227w, https:\/\/rodolphevigne.com\/wp-content\/uploads\/2022\/06\/Screenshot-2022-04-25-at-18-54-59-Discussion-entre-Gentlemen-150x150.png 150w, https:\/\/rodolphevigne.com\/wp-content\/uploads\/2022\/06\/Screenshot-2022-04-25-at-18-54-59-Discussion-entre-Gentlemen-100x100.png 100w\" sizes=\"(max-width: 227px) 100vw, 227px\" \/>\t\t\t\t\t\t\t\t\t\t\t\t\t\t\t<\/div>\n\t\t\t\t<\/div>\n\t\t\t\t\t<\/div>\n\t\t<\/div>\n\t\t\t\t<div class=\"elementor-column elementor-col-66 elementor-top-column elementor-element elementor-element-ca3c7c3\" data-id=\"ca3c7c3\" data-element_type=\"column\" data-e-type=\"column\">\n\t\t\t<div class=\"elementor-widget-wrap elementor-element-populated\">\n\t\t\t\t\t\t<div class=\"elementor-element elementor-element-0df6eb8 elementor-widget elementor-widget-text-editor\" data-id=\"0df6eb8\" data-element_type=\"widget\" data-e-type=\"widget\" data-widget_type=\"text-editor.default\">\n\t\t\t\t<div class=\"elementor-widget-container\">\n\t\t\t\t\t\t\t\t\t<h1><strong><span style=\"color: #0000ff;\"><em>\u00c9quilibre et perspectives<\/em><\/span><\/strong><\/h1><h2><span style=\"color: #99cc00;\"><em><strong>Rodolphe Vigne\u00a0\u00a0\u00a0\u00a0\u00a0\u00a0\u00a0\u00a0\u00a0\u00a0\u00a0\u00a0\u00a0\u00a0\u00a0\u00a0\u00a0\u00a0\u00a0\u00a0\u00a0 \u00a0 Gu\u00e9risseur dans l&rsquo;\u00c2me<\/strong><br \/><\/em><\/span><\/h2><h4><span style=\"color: #000000;\"><em><strong>Contact : 06 95 72 33 93<\/strong><\/em><\/span><\/h4><h4><span style=\"color: #000000;\"><em><strong>rodolphe.vigne777@gmail.com<\/strong><\/em><\/span><\/h4>\t\t\t\t\t\t\t\t<\/div>\n\t\t\t\t<\/div>\n\t\t\t\t\t<\/div>\n\t\t<\/div>\n\t\t\t\t\t<\/div>\n\t\t<\/section>\n\t\t\t\t<section class=\"elementor-section elementor-top-section elementor-element elementor-element-cb7d472 elementor-section-stretched elementor-section-boxed elementor-section-height-default elementor-section-height-default\" data-id=\"cb7d472\" data-element_type=\"section\" data-e-type=\"section\" data-settings=\"{&quot;stretch_section&quot;:&quot;section-stretched&quot;}\">\n\t\t\t\t\t\t<div class=\"elementor-container elementor-column-gap-default\">\n\t\t\t\t\t<div class=\"elementor-column elementor-col-100 elementor-top-column elementor-element elementor-element-e2b852e\" data-id=\"e2b852e\" data-element_type=\"column\" data-e-type=\"column\">\n\t\t\t<div class=\"elementor-widget-wrap elementor-element-populated\">\n\t\t\t\t\t\t<div class=\"elementor-element elementor-element-cdbb56d elementor-widget elementor-widget-text-editor\" data-id=\"cdbb56d\" data-element_type=\"widget\" data-e-type=\"widget\" data-widget_type=\"text-editor.default\">\n\t\t\t\t<div class=\"elementor-widget-container\">\n\t\t\t\t\t\t\t\t\t<h4>A propos de moi\u2026<\/h4><h4>Comme beaucoup de personne, c\u2019est suite (ou gr\u00e2ce) \u00e0 une difficult\u00e9 de vie (burn out) que je me suis remis en question et que j\u2019ai donn\u00e9 une nouvelle direction \u00e0 ma vie. Avec comme finalit\u00e9 le choix de vivre plus en accord avec mes valeurs. Celles qui m\u2019animent r\u00e9ellement et profond\u00e9ment.<\/h4><h4>Aujourd\u2019hui ce qui me nourris et fait battre mon C\u0153ur c\u2019est d\u2019\u00eatre en lien avec le monde qui m\u2019entoure, avec le vivant au sens large.<\/h4><h4>Aux gr\u00e9s de mes \u00e9volutions et prises de consciences, ma nature empathique c\u2019est lib\u00e9r\u00e9 et positionn\u00e9 me permettant un accueil et une pr\u00e9sence aidante.<\/h4><h4>Aujourd\u2019hui je mets mon \u00e9tat d\u2019\u00eatre et d\u2019ouverture au service des personnes qui veulent s\u2019apaiser, sortir d\u2019un \u00e9tat de souffrance physique, \u00e9motionnel ou encore moral.<\/h4><h4>Je vous aide \u00e0 donner du sens \u00e0 ce que vous vivez et traversez ainsi qu\u2019\u00e0 faire le lien avec l\u2019expression de votre corps.<\/h4><h4>Pour cela mes outils sont\u00a0:<\/h4><h4>\u00a0<\/h4><ul><li><h4>L\u2019\u00e9nerg\u00e9tique\u00a0: Une approche par le corps \u00ab\u00a0\u00e9nergie\u00a0\u00bb<\/h4><\/li><\/ul><h4>Par apposition des mains, j\u2019effectue des passes pour relancer la dynamique \u00e9nerg\u00e9tique du corps et lib\u00e9rer les tensions.<\/h4><h4>Les s\u00e9ances \u00e9nerg\u00e9tiques peuvent se faire par t\u00e9l\u00e9phone ou par zoom. Pour cela j\u2019utilise le scan th\u00e9rapeutique, vous n\u2019avez donc pas besoin d\u2019\u00eatre pr\u00e9sent physiquement.<\/h4><h4>\u00a0<\/h4><ul><li><h4>Le massage\u00a0: Une approche par le corps \u00ab\u00a0physique\u00a0\u00bb<\/h4><\/li><\/ul><h4>J\u2019utilise des huiles v\u00e9g\u00e9tales pour leur douceur, le massage permet la d\u00e9tente musculaire apportant lib\u00e9ration et relaxation.<\/h4><h4>Ces deux approches sont des portes d\u2019entr\u00e9es, deux fa\u00e7ons de faire qui apportent soulagement et d\u00e9tente pour vous permettre d\u2019acc\u00e9der au mieux-\u00eatre.<\/h4>\t\t\t\t\t\t\t\t<\/div>\n\t\t\t\t<\/div>\n\t\t\t\t\t<\/div>\n\t\t<\/div>\n\t\t\t\t\t<\/div>\n\t\t<\/section>\n\t\t\t\t<section class=\"elementor-section elementor-top-section elementor-element elementor-element-c741cdd elementor-section-stretched elementor-section-boxed elementor-section-height-default elementor-section-height-default\" data-id=\"c741cdd\" data-element_type=\"section\" data-e-type=\"section\" data-settings=\"{&quot;stretch_section&quot;:&quot;section-stretched&quot;}\">\n\t\t\t\t\t\t<div class=\"elementor-container elementor-column-gap-default\">\n\t\t\t\t\t<div class=\"elementor-column elementor-col-100 elementor-top-column elementor-element elementor-element-9f6dc15\" data-id=\"9f6dc15\" data-element_type=\"column\" data-e-type=\"column\">\n\t\t\t<div class=\"elementor-widget-wrap elementor-element-populated\">\n\t\t\t\t\t\t<div class=\"elementor-element elementor-element-abcd651 elementor-widget elementor-widget-text-editor\" data-id=\"abcd651\" data-element_type=\"widget\" data-e-type=\"widget\" data-widget_type=\"text-editor.default\">\n\t\t\t\t<div class=\"elementor-widget-container\">\n\t\t\t\t\t\t\t\t\t<h4><strong><u><span style=\"color: #0000ff;\">Quand me consulter\u00a0:<\/span> <\/u><\/strong><\/h4><h4>Les s\u00e9ances que je propose sont destin\u00e9es aux Femmes, Hommes et enfants de tout \u00e2ge. Je m\u2019adapte \u00e0 vos besoins.<\/h4><h4>Les s\u00e9ances vont vous permettre\u00a0:<\/h4><h4>&#8211; d\u2019\u00e9vacuer\u00a0les tensions physiques et somatiques\u00a0: douleurs, maladies, sommeil, fatigue\u2026<\/h4><h4>&#8211; d\u2019\u00e9vacuer\u00a0les tensions \u00e9motionnelles\u00a0: stress, peur, tristesse, \u00e9tat d\u00e9pressif\u2026<\/h4><h4>&#8211; de r\u00e9\u00e9quilibrer vos circuits d\u2019\u00e9nergies.<\/h4><h4>&#8211; de vous remettre de chocs traumatiques, de Burn Out, accidents<\/h4><h4>&#8211; de lib\u00e9rer les m\u00e9moires de souffrances encore port\u00e9es<\/h4><h4>Parfois des personnes viennent me voir \u00ab\u00a0en dernier recourt\u00a0\u00bb, \u00ab\u00a0dernier espoir\u00a0\u00bb\u2026 A ce moment je propose un travail de fond pour une remise \u00e0 niveau global.\u00a0<\/h4><h4>Je propose un suivi \u00e9nerg\u00e9tique pour les personnes en longue maladie, les personnes qui suivent une chimio, des rayons, etc. Certaines pathologies handicapantes\/invalidantes demandent un suivi r\u00e9gulier. A discuter ensemble.<\/h4><h4>Il est \u00e9galement int\u00e9ressant d\u2019\u00e9quilibrer ses \u00e9nergies avant ou apr\u00e8s une op\u00e9ration chirurgicale. Pour soutenir le corps dans sa capacit\u00e9 \u00e0 se remettre de l\u2019intervention.<\/h4><h4>Des forfaits sont possibles pour les personnes d\u00e9sireuses de s\u2019inscrire dans une d\u00e9marche dans le temps.<\/h4><h4>Mon accompagnement prend en compte le v\u00e9cu de chaque personne pour faire le lien entre son corps et ses \u00e9motions.<\/h4><h4>Vous pouvez \u00e9galement venir me voir dans une d\u00e9marche de d\u00e9veloppement personnelle, lever des voiles, passer des caps, trouver confiance et paix en soi\u2026<\/h4>\t\t\t\t\t\t\t\t<\/div>\n\t\t\t\t<\/div>\n\t\t\t\t\t<\/div>\n\t\t<\/div>\n\t\t\t\t\t<\/div>\n\t\t<\/section>\n\t\t\t\t<section class=\"elementor-section elementor-top-section elementor-element elementor-element-7b21f84 elementor-section-stretched elementor-section-boxed elementor-section-height-default elementor-section-height-default\" data-id=\"7b21f84\" data-element_type=\"section\" data-e-type=\"section\" data-settings=\"{&quot;stretch_section&quot;:&quot;section-stretched&quot;}\">\n\t\t\t\t\t\t<div class=\"elementor-container elementor-column-gap-default\">\n\t\t\t\t\t<div class=\"elementor-column elementor-col-100 elementor-top-column elementor-element elementor-element-12b840f\" data-id=\"12b840f\" data-element_type=\"column\" data-e-type=\"column\">\n\t\t\t<div class=\"elementor-widget-wrap elementor-element-populated\">\n\t\t\t\t\t\t<div class=\"elementor-element elementor-element-db259cc elementor-widget elementor-widget-text-editor\" data-id=\"db259cc\" data-element_type=\"widget\" data-e-type=\"widget\" data-widget_type=\"text-editor.default\">\n\t\t\t\t<div class=\"elementor-widget-container\">\n\t\t\t\t\t\t\t\t\t<h4><strong><span style=\"text-decoration: underline;\"><span style=\"color: #0000ff; text-decoration: underline;\">Mon parcours\u00a0:<\/span><\/span><\/strong><\/h4><h4>Aujourd\u2019hui, avec le recul des ann\u00e9es je trouve le sens de mon parcours de vie. Tout a \u00e9t\u00e9 juste et n\u00e9cessaire \u00e0 l&rsquo;affirmation de mon identit\u00e9.<\/h4><h4>Un parcours qui m\u2019a permis d\u2019aller chercher des ressources morales, \u00e9motionnelles et psychiques et ce depuis ma tendre enfance \u00e0 aujourd\u2019hui.<\/h4><h4>L\u2019acceptation du chemin et de ses exp\u00e9riences m&rsquo;a apport\u00e9 au fur et \u00e0 mesure confiance et force pour pouvoir vivre en douceur les d\u00e9fis qui se pr\u00e9sentent \u00e0 moi.<\/h4><h4>M\u00eame si aujourd\u2019hui elles ne font plus partie de ma pratique, des formations au Reiki et \u00e0 la Bio Energie ACMOS m\u2019ont aid\u00e9 \u00e0 structurer mon approche. En parall\u00e8le j\u2019ai suivi des stages de d\u00e9veloppement personnel et v\u00e9cu des rencontres th\u00e9rapeutiques qui m\u2019ont permis de trouver un axe fort et coh\u00e9rent en moi.<\/h4><h4>Au-del\u00e0 de toute technique j\u2019ai d\u00e9velopp\u00e9 une pr\u00e9sence et une \u00e9coute qui me permet d\u2019accueillir pleinement les personnes en qu\u00eate de mieux-\u00eatre.<\/h4>\t\t\t\t\t\t\t\t<\/div>\n\t\t\t\t<\/div>\n\t\t\t\t\t<\/div>\n\t\t<\/div>\n\t\t\t\t\t<\/div>\n\t\t<\/section>\n\t\t\t\t<section class=\"elementor-section elementor-top-section elementor-element elementor-element-1e42b79 elementor-section-stretched elementor-section-boxed elementor-section-height-default elementor-section-height-default\" data-id=\"1e42b79\" data-element_type=\"section\" data-e-type=\"section\" data-settings=\"{&quot;stretch_section&quot;:&quot;section-stretched&quot;}\">\n\t\t\t\t\t\t<div class=\"elementor-container elementor-column-gap-default\">\n\t\t\t\t\t<div class=\"elementor-column elementor-col-100 elementor-top-column elementor-element elementor-element-e8cb803\" data-id=\"e8cb803\" data-element_type=\"column\" data-e-type=\"column\">\n\t\t\t<div class=\"elementor-widget-wrap elementor-element-populated\">\n\t\t\t\t\t\t<div class=\"elementor-element elementor-element-1959f0b elementor-widget elementor-widget-text-editor\" data-id=\"1959f0b\" data-element_type=\"widget\" data-e-type=\"widget\" data-widget_type=\"text-editor.default\">\n\t\t\t\t<div class=\"elementor-widget-container\">\n\t\t\t\t\t\t\t\t\t<h4><em>Le champ d&rsquo;application de ma pratique est vaste. Je part du principe que si nous \u00ab\u00a0portons\u00a0\u00bb une maladie ou une autres difficult\u00e9s physiques, \u00e9motionnelle, mental, psychique etc c&rsquo;est que nous avons aussi en nous la capacit\u00e9 d&rsquo;en gu\u00e9rir. Les cl\u00e9fs sont en nous. A mon sens il s&rsquo;agit donc de permettre l&rsquo;expression, pour s&rsquo;en lib\u00e9rer et non pas de la r\u00e9primer pour la faire taire. Mon travail consiste a vous accompagner dans votre lib\u00e9ration int\u00e9rieur.<\/em><\/h4>\t\t\t\t\t\t\t\t<\/div>\n\t\t\t\t<\/div>\n\t\t\t\t\t<\/div>\n\t\t<\/div>\n\t\t\t\t\t<\/div>\n\t\t<\/section>\n\t\t\t\t<section class=\"elementor-section elementor-top-section elementor-element elementor-element-91f3800 elementor-section-stretched elementor-section-boxed elementor-section-height-default elementor-section-height-default\" data-id=\"91f3800\" data-element_type=\"section\" data-e-type=\"section\" data-settings=\"{&quot;stretch_section&quot;:&quot;section-stretched&quot;}\">\n\t\t\t\t\t\t<div class=\"elementor-container elementor-column-gap-default\">\n\t\t\t\t\t<div class=\"elementor-column elementor-col-100 elementor-top-column elementor-element elementor-element-3d5a24d\" data-id=\"3d5a24d\" data-element_type=\"column\" data-e-type=\"column\">\n\t\t\t<div class=\"elementor-widget-wrap elementor-element-populated\">\n\t\t\t\t\t\t<div class=\"elementor-element elementor-element-a6a045c elementor-widget elementor-widget-spacer\" data-id=\"a6a045c\" data-element_type=\"widget\" data-e-type=\"widget\" data-widget_type=\"spacer.default\">\n\t\t\t\t<div class=\"elementor-widget-container\">\n\t\t\t\t\t\t\t<div class=\"elementor-spacer\">\n\t\t\t<div class=\"elementor-spacer-inner\"><\/div>\n\t\t<\/div>\n\t\t\t\t\t\t<\/div>\n\t\t\t\t<\/div>\n\t\t\t\t\t<\/div>\n\t\t<\/div>\n\t\t\t\t\t<\/div>\n\t\t<\/section>\n\t\t\t\t<section class=\"elementor-section elementor-top-section elementor-element elementor-element-81197bf elementor-section-boxed elementor-section-height-default elementor-section-height-default\" data-id=\"81197bf\" data-element_type=\"section\" data-e-type=\"section\">\n\t\t\t\t\t\t<div class=\"elementor-container elementor-column-gap-default\">\n\t\t\t\t\t<div class=\"elementor-column elementor-col-100 elementor-top-column elementor-element elementor-element-a6d3e8b\" data-id=\"a6d3e8b\" data-element_type=\"column\" data-e-type=\"column\">\n\t\t\t<div class=\"elementor-widget-wrap\">\n\t\t\t\t\t\t\t<\/div>\n\t\t<\/div>\n\t\t\t\t\t<\/div>\n\t\t<\/section>\n\t\t\t\t<section class=\"elementor-section elementor-top-section elementor-element elementor-element-ccad85a elementor-section-stretched elementor-section-boxed elementor-section-height-default elementor-section-height-default\" data-id=\"ccad85a\" data-element_type=\"section\" data-e-type=\"section\" data-settings=\"{&quot;stretch_section&quot;:&quot;section-stretched&quot;}\">\n\t\t\t\t\t\t<div class=\"elementor-container elementor-column-gap-default\">\n\t\t\t\t\t<div class=\"elementor-column elementor-col-100 elementor-top-column elementor-element elementor-element-57e60a5\" data-id=\"57e60a5\" data-element_type=\"column\" data-e-type=\"column\">\n\t\t\t<div class=\"elementor-widget-wrap elementor-element-populated\">\n\t\t\t\t\t\t<div class=\"elementor-element elementor-element-59b5645 elementor-widget elementor-widget-text-editor\" data-id=\"59b5645\" data-element_type=\"widget\" data-e-type=\"widget\" data-widget_type=\"text-editor.default\">\n\t\t\t\t<div class=\"elementor-widget-container\">\n\t\t\t\t\t\t\t\t\t<h4><em><strong><span style=\"color: #0000ff;\">\u00c9THIQUE<\/span> :<\/strong> L&rsquo;accompagnement que je propose ne dispense pas d&rsquo;un diagnostique ou d&rsquo;un suivi m\u00e9dical. Ils ne remplacent ni le m\u00e9decin, ni les soins traditionnels, ni les m\u00e9dicaments. L&rsquo;accompagnement que je propose n&rsquo;est en aucun cas une alternative \u00e0 tout autre traitement quel qu&rsquo;il soit. Ma pratique peut \u00eatre vu comme un compl\u00e9ment \u00e0 tout autre action visant \u00e0 am\u00e9liorer un \u00e9tat d&rsquo;\u00eatre tant physique qu\u2019\u00e9motionnel ou moral.\u00a0 <\/em><\/h4>\t\t\t\t\t\t\t\t<\/div>\n\t\t\t\t<\/div>\n\t\t\t\t\t<\/div>\n\t\t<\/div>\n\t\t\t\t\t<\/div>\n\t\t<\/section>\n\t\t\t\t<section class=\"elementor-section elementor-top-section elementor-element elementor-element-149ec0b elementor-section-boxed elementor-section-height-default elementor-section-height-default\" data-id=\"149ec0b\" data-element_type=\"section\" data-e-type=\"section\">\n\t\t\t\t\t\t<div class=\"elementor-container elementor-column-gap-default\">\n\t\t\t\t\t<div class=\"elementor-column elementor-col-100 elementor-top-column elementor-element elementor-element-7cd72ca\" data-id=\"7cd72ca\" data-element_type=\"column\" data-e-type=\"column\">\n\t\t\t<div class=\"elementor-widget-wrap\">\n\t\t\t\t\t\t\t<\/div>\n\t\t<\/div>\n\t\t\t\t\t<\/div>\n\t\t<\/section>\n\t\t\t\t<section class=\"elementor-section elementor-top-section elementor-element elementor-element-b3d31de elementor-section-boxed elementor-section-height-default elementor-section-height-default\" data-id=\"b3d31de\" data-element_type=\"section\" data-e-type=\"section\">\n\t\t\t\t\t\t<div class=\"elementor-container elementor-column-gap-default\">\n\t\t\t\t\t<div class=\"elementor-column elementor-col-100 elementor-top-column elementor-element elementor-element-f8c2768\" data-id=\"f8c2768\" data-element_type=\"column\" data-e-type=\"column\">\n\t\t\t<div class=\"elementor-widget-wrap\">\n\t\t\t\t\t\t\t<\/div>\n\t\t<\/div>\n\t\t\t\t\t<\/div>\n\t\t<\/section>\n\t\t\t\t<section class=\"elementor-section elementor-top-section elementor-element elementor-element-5936951 elementor-section-boxed elementor-section-height-default elementor-section-height-default\" data-id=\"5936951\" data-element_type=\"section\" data-e-type=\"section\">\n\t\t\t\t\t\t<div class=\"elementor-container elementor-column-gap-default\">\n\t\t\t\t\t<div class=\"elementor-column elementor-col-100 elementor-top-column elementor-element elementor-element-fd55454\" data-id=\"fd55454\" data-element_type=\"column\" data-e-type=\"column\">\n\t\t\t<div class=\"elementor-widget-wrap\">\n\t\t\t\t\t\t\t<\/div>\n\t\t<\/div>\n\t\t\t\t\t<\/div>\n\t\t<\/section>\n\t\t\t\t<section class=\"elementor-section elementor-top-section elementor-element elementor-element-7043641 elementor-section-stretched elementor-section-boxed elementor-section-height-default elementor-section-height-default\" data-id=\"7043641\" data-element_type=\"section\" data-e-type=\"section\" data-settings=\"{&quot;stretch_section&quot;:&quot;section-stretched&quot;}\">\n\t\t\t\t\t\t<div class=\"elementor-container elementor-column-gap-default\">\n\t\t\t\t\t<div class=\"elementor-column elementor-col-100 elementor-top-column elementor-element elementor-element-3c519aa\" data-id=\"3c519aa\" data-element_type=\"column\" data-e-type=\"column\">\n\t\t\t<div class=\"elementor-widget-wrap elementor-element-populated\">\n\t\t\t\t\t\t<div class=\"elementor-element elementor-element-9cfaef1 elementor-widget elementor-widget-text-editor\" data-id=\"9cfaef1\" data-element_type=\"widget\" data-e-type=\"widget\" data-widget_type=\"text-editor.default\">\n\t\t\t\t<div class=\"elementor-widget-container\">\n\t\t\t\t\t\t\t\t\t<p style=\"text-align: center;\"><strong><span style=\"color: #ff0000;\">Rodolphe Vigne : Gu\u00e9risseur dans l&rsquo;\u00c2me<br \/><\/span><\/strong><\/p>\t\t\t\t\t\t\t\t<\/div>\n\t\t\t\t<\/div>\n\t\t\t\t\t<\/div>\n\t\t<\/div>\n\t\t\t\t\t<\/div>\n\t\t<\/section>\n\t\t\t\t<\/div>\n\t\t<span class=\"et_bloom_bottom_trigger\"><\/span>","protected":false},"excerpt":{"rendered":"<p>\u00c9quilibre et perspectives Rodolphe Vigne\u00a0\u00a0\u00a0\u00a0\u00a0\u00a0\u00a0\u00a0\u00a0\u00a0\u00a0\u00a0\u00a0\u00a0\u00a0\u00a0\u00a0\u00a0\u00a0\u00a0\u00a0 \u00a0 Gu\u00e9risseur dans l&rsquo;\u00c2me Contact : 06 95 72 33 93 rodolphe.vigne777@gmail.com A propos de [&hellip;]<\/p>\n","protected":false},"author":1,"featured_media":107,"parent":0,"menu_order":0,"comment_status":"closed","ping_status":"closed","template":"","meta":{"site-sidebar-layout":"default","site-content-layout":"","ast-site-content-layout":"default","site-content-style":"default","site-sidebar-style":"default","ast-global-header-display":"","ast-banner-title-visibility":"","ast-main-header-display":"","ast-hfb-above-header-display":"","ast-hfb-below-header-display":"","ast-hfb-mobile-header-display":"","site-post-title":"","ast-breadcrumbs-content":"","ast-featured-img":"","footer-sml-layout":"","ast-disable-related-posts":"","theme-transparent-header-meta":"","adv-header-id-meta":"","stick-header-meta":"","header-above-stick-meta":"","header-main-stick-meta":"","header-below-stick-meta":"","astra-migrate-meta-layouts":"default","ast-page-background-enabled":"default","ast-page-background-meta":{"desktop":{"background-color":"var(--ast-global-color-5)","background-image":"","background-repeat":"repeat","background-position":"center center","background-size":"auto","background-attachment":"scroll","background-type":"","background-media":"","overlay-type":"","overlay-color":"","overlay-opacity":"","overlay-gradient":""},"tablet":{"background-color":"","background-image":"","background-repeat":"repeat","background-position":"center center","background-size":"auto","background-attachment":"scroll","background-type":"","background-media":"","overlay-type":"","overlay-color":"","overlay-opacity":"","overlay-gradient":""},"mobile":{"background-color":"","background-image":"","background-repeat":"repeat","background-position":"center center","background-size":"auto","background-attachment":"scroll","background-type":"","background-media":"","overlay-type":"","overlay-color":"","overlay-opacity":"","overlay-gradient":""}},"ast-content-background-meta":{"desktop":{"background-color":"var(--ast-global-color-4)","background-image":"","background-repeat":"repeat","background-position":"center center","background-size":"auto","background-attachment":"scroll","background-type":"","background-media":"","overlay-type":"","overlay-color":"","overlay-opacity":"","overlay-gradient":""},"tablet":{"background-color":"var(--ast-global-color-4)","background-image":"","background-repeat":"repeat","background-position":"center center","background-size":"auto","background-attachment":"scroll","background-type":"","background-media":"","overlay-type":"","overlay-color":"","overlay-opacity":"","overlay-gradient":""},"mobile":{"background-color":"var(--ast-global-color-4)","background-image":"","background-repeat":"repeat","background-position":"center center","background-size":"auto","background-attachment":"scroll","background-type":"","background-media":"","overlay-type":"","overlay-color":"","overlay-opacity":"","overlay-gradient":""}},"_ti_tpc_template_sync":false,"_ti_tpc_template_id":"","footnotes":""},"class_list":["post-63","page","type-page","status-publish","has-post-thumbnail","hentry"],"_links":{"self":[{"href":"https:\/\/rodolphevigne.com\/index.php?rest_route=\/wp\/v2\/pages\/63","targetHints":{"allow":["GET"]}}],"collection":[{"href":"https:\/\/rodolphevigne.com\/index.php?rest_route=\/wp\/v2\/pages"}],"about":[{"href":"https:\/\/rodolphevigne.com\/index.php?rest_route=\/wp\/v2\/types\/page"}],"author":[{"embeddable":true,"href":"https:\/\/rodolphevigne.com\/index.php?rest_route=\/wp\/v2\/users\/1"}],"replies":[{"embeddable":true,"href":"https:\/\/rodolphevigne.com\/index.php?rest_route=%2Fwp%2Fv2%2Fcomments&post=63"}],"version-history":[{"count":74,"href":"https:\/\/rodolphevigne.com\/index.php?rest_route=\/wp\/v2\/pages\/63\/revisions"}],"predecessor-version":[{"id":1904,"href":"https:\/\/rodolphevigne.com\/index.php?rest_route=\/wp\/v2\/pages\/63\/revisions\/1904"}],"wp:featuredmedia":[{"embeddable":true,"href":"https:\/\/rodolphevigne.com\/index.php?rest_route=\/wp\/v2\/media\/107"}],"wp:attachment":[{"href":"https:\/\/rodolphevigne.com\/index.php?rest_route=%2Fwp%2Fv2%2Fmedia&parent=63"}],"curies":[{"name":"wp","href":"https:\/\/api.w.org\/{rel}","templated":true}]}}