{"id":1775,"date":"2022-06-01T12:10:26","date_gmt":"2022-06-01T10:10:26","guid":{"rendered":"https:\/\/rodolphevigne.com\/?page_id=1775"},"modified":"2022-07-30T17:20:15","modified_gmt":"2022-07-30T15:20:15","slug":"cercle-dhommes","status":"publish","type":"page","link":"https:\/\/rodolphevigne.com\/?page_id=1775","title":{"rendered":"Cercle d&rsquo;Hommes"},"content":{"rendered":"\t\t<div data-elementor-type=\"wp-page\" data-elementor-id=\"1775\" class=\"elementor elementor-1775\">\n\t\t\t\t\t\t<section class=\"elementor-section elementor-top-section elementor-element elementor-element-2b81883 elementor-section-stretched elementor-section-boxed elementor-section-height-default elementor-section-height-default\" data-id=\"2b81883\" data-element_type=\"section\" data-e-type=\"section\" data-settings=\"{&quot;stretch_section&quot;:&quot;section-stretched&quot;}\">\n\t\t\t\t\t\t<div class=\"elementor-container elementor-column-gap-default\">\n\t\t\t\t\t<div class=\"elementor-column elementor-col-100 elementor-top-column elementor-element elementor-element-9d1c56f\" data-id=\"9d1c56f\" data-element_type=\"column\" data-e-type=\"column\">\n\t\t\t<div class=\"elementor-widget-wrap elementor-element-populated\">\n\t\t\t\t\t\t<div class=\"elementor-element elementor-element-9d7b8c4 elementor-widget elementor-widget-text-editor\" data-id=\"9d7b8c4\" data-element_type=\"widget\" data-e-type=\"widget\" data-widget_type=\"text-editor.default\">\n\t\t\t\t<div class=\"elementor-widget-container\">\n\t\t\t\t\t\t\t\t\t<h4 class=\"_04xlpA direction-ltr align-center para-style-body\"><strong><span class=\"JsGRdQ\">A tous les Hommes qui ont l&rsquo;envie de se renouveler.<\/span><\/strong><\/h4><h4 class=\"_04xlpA direction-ltr align-center para-style-body\">\u00a0<\/h4><h4 class=\"_04xlpA direction-ltr align-start para-style-body\"><strong><span class=\"JsGRdQ\">Je vous propose un temps pour vous d\u00e9poser et vous lib\u00e9rer.<\/span><\/strong><\/h4><h4 class=\"_04xlpA direction-ltr align-start para-style-body\"><strong><span class=\"JsGRdQ\">-Accueillir ses \u00e9motions<\/span><\/strong><\/h4><h4 class=\"_04xlpA direction-ltr align-start para-style-body\"><strong><span class=\"JsGRdQ\">-Reconnaitre sa vuln\u00e9rabilit\u00e9<\/span><\/strong><\/h4><h4 class=\"_04xlpA direction-ltr align-start para-style-body\"><strong><span class=\"JsGRdQ\">-Demand\u00e9 conseil<\/span><\/strong><\/h4><h4 class=\"_04xlpA direction-ltr align-start para-style-body\"><strong><span class=\"JsGRdQ\">-Partager son exp\u00e9rience<\/span><\/strong><\/h4><h4><strong>-&#8230;<\/strong><\/h4><h4 class=\"_04xlpA direction-ltr align-start para-style-body\"><strong>Un temps pour parler du f\u00e9minin, du masculin du lien entre les deux. Des polarit\u00e9s int\u00e9rieures, de l&rsquo;\u00e9volution actuelle, des besoins de \u00ab\u00a0liens\u00a0\u00bb, etc.<\/strong><\/h4><h4><strong>Les sujets sont vaste, en lien avec un besoin ou une vision personnelle. A exprimer, \u00e9tayer, mettre \u00e0 jour.<\/strong><\/h4><h4><strong>La multiplicit\u00e9 des regards et des exp\u00e9riences partag\u00e9s seront la richesse centrale de nos rencontres. L&rsquo;harmonique qui se mettra en place prendra naissance depuis nos expressions personnels.<\/strong><\/h4><h4 class=\"_04xlpA direction-ltr align-start para-style-body\"><strong><span class=\"JsGRdQ\">Simplement un temps de partage et d&rsquo;\u00e9coute entre nous et en lien avec notre Masculinit\u00e9.<\/span><\/strong><\/h4><h4 class=\"_04xlpA direction-ltr align-start para-style-body\">\u00a0<\/h4><h4 class=\"_04xlpA direction-ltr align-start para-style-body\"><strong><span class=\"JsGRdQ\">La soir\u00e9e sera ponctu\u00e9e de temps de paroles et de m\u00e9ditations dans un but d&rsquo;ouverture et d&rsquo;apaisement.<\/span><\/strong><\/h4><h4 class=\"_04xlpA direction-ltr align-start para-style-body\">\u00a0<\/h4><h4 class=\"_04xlpA direction-ltr align-center para-style-body\"><strong><span class=\"JsGRdQ\">Ce moment se veut \u00eatre un moment de respect, de non jugement et de convivialit\u00e9.<\/span><\/strong><\/h4><h4><em><strong>Cette envie de cr\u00e9er un cercle d&rsquo;Hommes me viens du constat que finalement encore peu d&rsquo;espace sont consacr\u00e9 \u00e0 l&rsquo;identit\u00e9 Masculine. Et en m\u00eame temps je vois aussi les difficult\u00e9s du masculin \u00e0 se saisir de ces espaces. Beaucoup de souffrances sont encore port\u00e9es. Ces souffrances ont de nombreuses origines, mais peu importe. Les moyens \u00e0 disposition pour s&rsquo;en lib\u00e9rer sont bien pr\u00e9sent, bien r\u00e9el. Je vous l&rsquo;accorde chers Messieurs le premier pas est souvent le plus difficile. Il vient souvent apr\u00e8s avoir reconnu \u00ab\u00a0son\u00a0\u00bb besoin imp\u00e9rieux de \u00ab\u00a0changer\u00a0\u00bb.<\/strong><\/em><\/h4><h4><em><strong>L&rsquo;ext\u00e9rieur n&rsquo;est n&rsquo;est l\u00e0 que pour nous montrer ce qu&rsquo;il se passe \u00e0 l&rsquo;int\u00e9rieur. La souffrance est une porte d&rsquo;entr\u00e9e sur soi souvent utilis\u00e9. Je vous exprime aujourd&rsquo;hui qu&rsquo;elle n&rsquo;est pas la seule. La joie en est une aussi, la joie d&rsquo;\u00eatre en chemin, d&rsquo;\u00eatre l\u00e0, de se reconnaitre&#8230; Je vous laisse gouter aux sensations qui naissent en vous. En vous y connectant, elles vous montreront le chemin. Le votre en toute simplicit\u00e9.<\/strong><\/em><\/h4><h4><em><strong>Dans un deuxi\u00e8me temps c&rsquo;est aussi la voix du F\u00e9minin qui m&rsquo;incite \u00e0 ouvrir cette espace \u00ab\u00a0Masculin\u00a0\u00bb. Il faut bien le dire ma client\u00e8le est tr\u00e8s f\u00e9minine. Les femmes dans leur int\u00e9riorit\u00e9 ont d\u00e9j\u00e0 act\u00e9 leur besoin d&rsquo;\u00e9volution. Et la question qui revient souvent est \u00ab\u00a0ou sont les Hommes?\u00a0\u00bb. Parce que pour franchir un palier suppl\u00e9mentaire le f\u00e9minin \u00e0 besoin du masculin en miroir. Un masculin clair, pos\u00e9, entier, engag\u00e9. Le Masculin \u00e0 besoin lui aussi de ce miroir du F\u00e9minin pour aller vers l&rsquo;\u00e9quilibre. Ces jeux et enjeux d\u00e9s\u00e9quilibr\u00e9 on\u00a0 suffisamment cr\u00e9e de souffrance pour qu&rsquo;aujourd&rsquo;hui, certains et certaines d&rsquo;entre nous d\u00e9cident de s&rsquo;engager sur un chemin de paix. De part et d&rsquo;autres nous avons, il me semble, l&rsquo;assurance d&rsquo;\u00eatre accueillis car nous sommes profond\u00e9ment invit\u00e9 \u00e0 rejoindre l&rsquo;appel du vivant.<\/strong><\/em><\/h4><h4><em><strong>Avec joie et plaisir<\/strong><\/em><\/h4><h4><strong>Tarif de 33\u20ac par personne.<\/strong><\/h4>\t\t\t\t\t\t\t\t<\/div>\n\t\t\t\t<\/div>\n\t\t\t\t\t<\/div>\n\t\t<\/div>\n\t\t\t\t\t<\/div>\n\t\t<\/section>\n\t\t\t\t<section class=\"elementor-section elementor-top-section elementor-element elementor-element-dabb61a elementor-section-boxed elementor-section-height-default elementor-section-height-default\" data-id=\"dabb61a\" data-element_type=\"section\" data-e-type=\"section\">\n\t\t\t\t\t\t<div class=\"elementor-container elementor-column-gap-default\">\n\t\t\t\t\t<div class=\"elementor-column elementor-col-100 elementor-top-column elementor-element elementor-element-e10e720\" data-id=\"e10e720\" data-element_type=\"column\" data-e-type=\"column\">\n\t\t\t<div class=\"elementor-widget-wrap\">\n\t\t\t\t\t\t\t<\/div>\n\t\t<\/div>\n\t\t\t\t\t<\/div>\n\t\t<\/section>\n\t\t\t\t<section class=\"elementor-section elementor-top-section elementor-element elementor-element-84e737d elementor-section-stretched elementor-section-boxed elementor-section-height-default elementor-section-height-default\" data-id=\"84e737d\" data-element_type=\"section\" data-e-type=\"section\" data-settings=\"{&quot;stretch_section&quot;:&quot;section-stretched&quot;}\">\n\t\t\t\t\t\t<div class=\"elementor-container elementor-column-gap-default\">\n\t\t\t\t\t<div class=\"elementor-column elementor-col-33 elementor-top-column elementor-element elementor-element-c5f7d97\" data-id=\"c5f7d97\" data-element_type=\"column\" data-e-type=\"column\">\n\t\t\t<div class=\"elementor-widget-wrap elementor-element-populated\">\n\t\t\t\t\t\t<div class=\"elementor-element elementor-element-0b6d911 elementor-widget elementor-widget-image\" data-id=\"0b6d911\" data-element_type=\"widget\" data-e-type=\"widget\" data-widget_type=\"image.default\">\n\t\t\t\t<div class=\"elementor-widget-container\">\n\t\t\t\t\t\t\t\t\t\t\t\t\t\t\t<img decoding=\"async\" src=\"https:\/\/rodolphevigne.com\/wp-content\/uploads\/2022\/06\/Screenshot-2022-05-30-at-10-31-22-He-is-dragon_\u041e\u043d-\u0434\u0440\u0430\u043a\u043e\u043d-YouTube-750x500.png\" title=\"Screenshot 2022-05-30 at 10-31-22 He is dragon_\u041e\u043d \u0434\u0440\u0430\u043a\u043e\u043d &#8211; YouTube\" alt=\"Screenshot 2022-05-30 at 10-31-22 He is dragon_\u041e\u043d \u0434\u0440\u0430\u043a\u043e\u043d - YouTube\" loading=\"lazy\" \/>\t\t\t\t\t\t\t\t\t\t\t\t\t\t\t<\/div>\n\t\t\t\t<\/div>\n\t\t\t\t\t<\/div>\n\t\t<\/div>\n\t\t\t\t<div class=\"elementor-column elementor-col-33 elementor-top-column elementor-element elementor-element-522ea02\" data-id=\"522ea02\" data-element_type=\"column\" data-e-type=\"column\">\n\t\t\t<div class=\"elementor-widget-wrap elementor-element-populated\">\n\t\t\t\t\t\t<div class=\"elementor-element elementor-element-026f372 elementor-widget elementor-widget-text-editor\" data-id=\"026f372\" data-element_type=\"widget\" data-e-type=\"widget\" data-widget_type=\"text-editor.default\">\n\t\t\t\t<div class=\"elementor-widget-container\">\n\t\t\t\t\t\t\t\t\t<h4 style=\"text-align: center;\"><span style=\"color: #0000ff;\"><strong>Cercle d&rsquo;Hommes<\/strong><\/span><\/h4><h4 style=\"text-align: center;\"><strong>Le Moulin d&rsquo;ozon<\/strong><\/h4><h4 style=\"text-align: center;\"><strong>ST Etienne de Fontbellon<\/strong><\/h4><h4 style=\"text-align: center;\"><span style=\"color: #ff0000;\"><strong>Jeudi 30 Juin<\/strong><\/span><\/h4><h4 style=\"text-align: center;\"><strong>De 19H30 \u00e0 21H00<\/strong><\/h4><h4 style=\"text-align: center;\">Information &amp; r\u00e9servation<\/h4><h4 style=\"text-align: center;\">06 95 72 33 93<\/h4>\t\t\t\t\t\t\t\t<\/div>\n\t\t\t\t<\/div>\n\t\t\t\t\t<\/div>\n\t\t<\/div>\n\t\t\t\t<div class=\"elementor-column elementor-col-33 elementor-top-column elementor-element elementor-element-48eaf1d\" data-id=\"48eaf1d\" data-element_type=\"column\" data-e-type=\"column\">\n\t\t\t<div class=\"elementor-widget-wrap elementor-element-populated\">\n\t\t\t\t\t\t<div class=\"elementor-element elementor-element-8b71941 elementor-widget elementor-widget-google_maps\" data-id=\"8b71941\" data-element_type=\"widget\" data-e-type=\"widget\" data-widget_type=\"google_maps.default\">\n\t\t\t\t<div class=\"elementor-widget-container\">\n\t\t\t\t\t\t\t<div class=\"elementor-custom-embed\">\n\t\t\t<iframe loading=\"lazy\"\n\t\t\t\t\tsrc=\"https:\/\/maps.google.com\/maps?q=le%20moulin%20d%27ozon&#038;t=m&#038;z=10&#038;output=embed&#038;iwloc=near\"\n\t\t\t\t\ttitle=\"le moulin d&#039;ozon\"\n\t\t\t\t\taria-label=\"le moulin d&#039;ozon\"\n\t\t\t><\/iframe>\n\t\t<\/div>\n\t\t\t\t\t\t<\/div>\n\t\t\t\t<\/div>\n\t\t\t\t\t<\/div>\n\t\t<\/div>\n\t\t\t\t\t<\/div>\n\t\t<\/section>\n\t\t\t\t<\/div>\n\t\t<span class=\"et_bloom_bottom_trigger\"><\/span>","protected":false},"excerpt":{"rendered":"<p>A tous les Hommes qui ont l&rsquo;envie de se renouveler. \u00a0 Je vous propose un temps pour vous d\u00e9poser et [&hellip;]<\/p>\n","protected":false},"author":1,"featured_media":1779,"parent":0,"menu_order":0,"comment_status":"closed","ping_status":"closed","template":"","meta":{"site-sidebar-layout":"default","site-content-layout":"","ast-site-content-layout":"default","site-content-style":"default","site-sidebar-style":"default","ast-global-header-display":"","ast-banner-title-visibility":"","ast-main-header-display":"","ast-hfb-above-header-display":"","ast-hfb-below-header-display":"","ast-hfb-mobile-header-display":"","site-post-title":"","ast-breadcrumbs-content":"","ast-featured-img":"","footer-sml-layout":"","ast-disable-related-posts":"","theme-transparent-header-meta":"","adv-header-id-meta":"","stick-header-meta":"","header-above-stick-meta":"","header-main-stick-meta":"","header-below-stick-meta":"","astra-migrate-meta-layouts":"default","ast-page-background-enabled":"default","ast-page-background-meta":{"desktop":{"background-color":"var(--ast-global-color-5)","background-image":"","background-repeat":"repeat","background-position":"center center","background-size":"auto","background-attachment":"scroll","background-type":"","background-media":"","overlay-type":"","overlay-color":"","overlay-opacity":"","overlay-gradient":""},"tablet":{"background-color":"","background-image":"","background-repeat":"repeat","background-position":"center center","background-size":"auto","background-attachment":"scroll","background-type":"","background-media":"","overlay-type":"","overlay-color":"","overlay-opacity":"","overlay-gradient":""},"mobile":{"background-color":"","background-image":"","background-repeat":"repeat","background-position":"center center","background-size":"auto","background-attachment":"scroll","background-type":"","background-media":"","overlay-type":"","overlay-color":"","overlay-opacity":"","overlay-gradient":""}},"ast-content-background-meta":{"desktop":{"background-color":"var(--ast-global-color-4)","background-image":"","background-repeat":"repeat","background-position":"center center","background-size":"auto","background-attachment":"scroll","background-type":"","background-media":"","overlay-type":"","overlay-color":"","overlay-opacity":"","overlay-gradient":""},"tablet":{"background-color":"var(--ast-global-color-4)","background-image":"","background-repeat":"repeat","background-position":"center center","background-size":"auto","background-attachment":"scroll","background-type":"","background-media":"","overlay-type":"","overlay-color":"","overlay-opacity":"","overlay-gradient":""},"mobile":{"background-color":"var(--ast-global-color-4)","background-image":"","background-repeat":"repeat","background-position":"center center","background-size":"auto","background-attachment":"scroll","background-type":"","background-media":"","overlay-type":"","overlay-color":"","overlay-opacity":"","overlay-gradient":""}},"_ti_tpc_template_sync":false,"_ti_tpc_template_id":"","footnotes":""},"class_list":["post-1775","page","type-page","status-publish","has-post-thumbnail","hentry"],"_links":{"self":[{"href":"https:\/\/rodolphevigne.com\/index.php?rest_route=\/wp\/v2\/pages\/1775","targetHints":{"allow":["GET"]}}],"collection":[{"href":"https:\/\/rodolphevigne.com\/index.php?rest_route=\/wp\/v2\/pages"}],"about":[{"href":"https:\/\/rodolphevigne.com\/index.php?rest_route=\/wp\/v2\/types\/page"}],"author":[{"embeddable":true,"href":"https:\/\/rodolphevigne.com\/index.php?rest_route=\/wp\/v2\/users\/1"}],"replies":[{"embeddable":true,"href":"https:\/\/rodolphevigne.com\/index.php?rest_route=%2Fwp%2Fv2%2Fcomments&post=1775"}],"version-history":[{"count":11,"href":"https:\/\/rodolphevigne.com\/index.php?rest_route=\/wp\/v2\/pages\/1775\/revisions"}],"predecessor-version":[{"id":1932,"href":"https:\/\/rodolphevigne.com\/index.php?rest_route=\/wp\/v2\/pages\/1775\/revisions\/1932"}],"wp:featuredmedia":[{"embeddable":true,"href":"https:\/\/rodolphevigne.com\/index.php?rest_route=\/wp\/v2\/media\/1779"}],"wp:attachment":[{"href":"https:\/\/rodolphevigne.com\/index.php?rest_route=%2Fwp%2Fv2%2Fmedia&parent=1775"}],"curies":[{"name":"wp","href":"https:\/\/api.w.org\/{rel}","templated":true}]}}