{"id":1729,"date":"2022-04-11T21:52:30","date_gmt":"2022-04-11T19:52:30","guid":{"rendered":"https:\/\/rodolphevigne.com\/?page_id=1729"},"modified":"2022-04-11T21:58:34","modified_gmt":"2022-04-11T19:58:34","slug":"frequences-quantiques-module-2","status":"publish","type":"page","link":"https:\/\/rodolphevigne.com\/?page_id=1729","title":{"rendered":"Fr\u00e9quences quantiques module 2"},"content":{"rendered":"\t\t<div data-elementor-type=\"wp-page\" data-elementor-id=\"1729\" class=\"elementor elementor-1729\">\n\t\t\t\t\t\t<section class=\"elementor-section elementor-top-section elementor-element elementor-element-9f4c8c4 elementor-section-stretched elementor-section-boxed elementor-section-height-default elementor-section-height-default\" data-id=\"9f4c8c4\" data-element_type=\"section\" data-e-type=\"section\" data-settings=\"{&quot;stretch_section&quot;:&quot;section-stretched&quot;}\">\n\t\t\t\t\t\t<div class=\"elementor-container elementor-column-gap-default\">\n\t\t\t\t\t<div class=\"elementor-column elementor-col-25 elementor-top-column elementor-element elementor-element-b3e1bc3\" data-id=\"b3e1bc3\" data-element_type=\"column\" data-e-type=\"column\">\n\t\t\t<div class=\"elementor-widget-wrap\">\n\t\t\t\t\t\t\t<\/div>\n\t\t<\/div>\n\t\t\t\t<div class=\"elementor-column elementor-col-50 elementor-top-column elementor-element elementor-element-89f9df1\" data-id=\"89f9df1\" data-element_type=\"column\" data-e-type=\"column\">\n\t\t\t<div class=\"elementor-widget-wrap elementor-element-populated\">\n\t\t\t\t\t\t<div class=\"elementor-element elementor-element-b19fa12 elementor-widget elementor-widget-image\" data-id=\"b19fa12\" data-element_type=\"widget\" data-e-type=\"widget\" data-widget_type=\"image.default\">\n\t\t\t\t<div class=\"elementor-widget-container\">\n\t\t\t\t\t\t\t\t\t\t\t\t\t\t\t<img fetchpriority=\"high\" decoding=\"async\" width=\"1024\" height=\"819\" src=\"https:\/\/rodolphevigne.com\/wp-content\/uploads\/2022\/04\/Sortir-du-cycle-de-souffrance1-1024x819.png\" class=\"attachment-large size-large wp-image-1730\" alt=\"\" srcset=\"https:\/\/rodolphevigne.com\/wp-content\/uploads\/2022\/04\/Sortir-du-cycle-de-souffrance1-1024x819.png 1024w, https:\/\/rodolphevigne.com\/wp-content\/uploads\/2022\/04\/Sortir-du-cycle-de-souffrance1-300x240.png 300w, https:\/\/rodolphevigne.com\/wp-content\/uploads\/2022\/04\/Sortir-du-cycle-de-souffrance1-768x614.png 768w, https:\/\/rodolphevigne.com\/wp-content\/uploads\/2022\/04\/Sortir-du-cycle-de-souffrance1-1536x1229.png 1536w, https:\/\/rodolphevigne.com\/wp-content\/uploads\/2022\/04\/Sortir-du-cycle-de-souffrance1-610x488.png 610w, https:\/\/rodolphevigne.com\/wp-content\/uploads\/2022\/04\/Sortir-du-cycle-de-souffrance1-1320x1056.png 1320w, https:\/\/rodolphevigne.com\/wp-content\/uploads\/2022\/04\/Sortir-du-cycle-de-souffrance1-600x480.png 600w, https:\/\/rodolphevigne.com\/wp-content\/uploads\/2022\/04\/Sortir-du-cycle-de-souffrance1.png 2000w\" sizes=\"(max-width: 1024px) 100vw, 1024px\" \/>\t\t\t\t\t\t\t\t\t\t\t\t\t\t\t<\/div>\n\t\t\t\t<\/div>\n\t\t\t\t\t<\/div>\n\t\t<\/div>\n\t\t\t\t<div class=\"elementor-column elementor-col-25 elementor-top-column elementor-element elementor-element-cfdc680\" data-id=\"cfdc680\" data-element_type=\"column\" data-e-type=\"column\">\n\t\t\t<div class=\"elementor-widget-wrap\">\n\t\t\t\t\t\t\t<\/div>\n\t\t<\/div>\n\t\t\t\t\t<\/div>\n\t\t<\/section>\n\t\t\t\t<section class=\"elementor-section elementor-top-section elementor-element elementor-element-88c152c elementor-section-stretched elementor-section-boxed elementor-section-height-default elementor-section-height-default\" data-id=\"88c152c\" data-element_type=\"section\" data-e-type=\"section\" data-settings=\"{&quot;stretch_section&quot;:&quot;section-stretched&quot;}\">\n\t\t\t\t\t\t<div class=\"elementor-container elementor-column-gap-default\">\n\t\t\t\t\t<div class=\"elementor-column elementor-col-100 elementor-top-column elementor-element elementor-element-2546f89\" data-id=\"2546f89\" data-element_type=\"column\" data-e-type=\"column\">\n\t\t\t<div class=\"elementor-widget-wrap elementor-element-populated\">\n\t\t\t\t\t\t<div class=\"elementor-element elementor-element-fc881cf elementor-widget elementor-widget-text-editor\" data-id=\"fc881cf\" data-element_type=\"widget\" data-e-type=\"widget\" data-widget_type=\"text-editor.default\">\n\t\t\t\t<div class=\"elementor-widget-container\">\n\t\t\t\t\t\t\t\t\t<h3><strong>Voyage dans les fr\u00e9quences quantiques<\/strong><\/h3><h4>\u00a0<\/h4><h4><strong>Module II\u00a0: fr\u00e9quences Christiques<\/strong><\/h4><h4>\u00a0<\/h4><h4><strong>Voici venir le temps du module II. Il est la continuit\u00e9 du 1er module.<\/strong><\/h4><h4><strong>Le 1er module nous permet d\u2019ouvrir et gu\u00e9rir des espaces int\u00e9rieurs \u00e0 nous, nous permettant maintenant de recevoir plus facilement ces fameuses \u00e9nergies Christiques. Comme tout travail spirituel cela demande de se reconfigurer, de se revisiter dans ses croyances, d\u2019accepter de se remettre en question pour laisser la place \u00e0 une plus grande conscience d\u2019Amour en soi.<\/strong><\/h4><h4><strong>L\u2019int\u00e9gration et l\u2019expression personnelle des \u00e9nergies Christiques sont un cheminement logique dans l\u2019\u00e9volution humaine. Notre Humanit\u00e9 est dans ce processus d\u2019\u00e9volution et l\u2019a finalement toujours \u00e9t\u00e9 nous amenant peu \u00e0 peu, au fil de nos incarnations, \u00e0 mettre nos ombres en lumi\u00e8re.<\/strong><\/h4><h4><strong>Cette \u00e9nergie Christique est tr\u00e8s Humaine, elle n\u2019est pas assujettis \u00e0 seulement certains Avatar mais bien \u00e0 l\u2019ensemble de l\u2019humanit\u00e9. Elle nous transcende et nous fait prendre conscience de notre nature Divine et Sacr\u00e9. Ce lien au Divin et au Sacr\u00e9 est la base maintenant bien disponible qui permet le changement de paradigme que nous vivons en tant que soci\u00e9t\u00e9.<\/strong><\/h4><h4><strong>Encore une fois, ces \u00e9nergies sont disponible, faut-il encore \u00eatre dans une d\u00e9marche d\u2019ouverture int\u00e9rieure pour les recevoir. C\u2019est en lien avec le C\u0153ur, plus vous ouvrez votre C\u0153ur plus vous recevez, plus vous recevez plus votre C\u0153ur s\u2019ouvre.<\/strong><\/h4><h4><strong>Cette transmission se fait depuis des mill\u00e9naires soutenus par des \u00eatres d\u2019Amour qui n\u2019ont de cesse d\u2019\u00e9veiller l\u2019humanit\u00e9 \u00e0 cette \u00e9nergie d\u2019Amour. Elle vise \u00e0 instaurer le royaume Divin sur Terre par notre interm\u00e9diaire.<\/strong><\/h4><h4><strong>Alors oui le Christ revient en chacun et chacune de nous. Il ne s\u2019agit plus de le chercher \u00e0 l\u2019ext\u00e9rieur de soi mais \u00e0 l\u2019int\u00e9rieur de soi pour installer son royaume en nous.<\/strong><\/h4><h4><strong>Ce module \u00e0 une valeur initiatique vous permettant de passer des seuils dans l\u2019accueil de cette divine \u00e9nergie Christique.<\/strong><\/h4><h4><strong>Marie-Jos\u00e9 et moi-m\u00eame nous positionnons dans cette continuit\u00e9 de transmission de savoir et d\u2019\u00e9volution. Il y a besoin de prendre en compte que les donn\u00e9es sont diff\u00e9rentes entre aujourd\u2019hui et les mill\u00e9naires pass\u00e9s. Notre monde d\u2019aujourd\u2019hui est dans une grande souplesse \u00e9nerg\u00e9tique, ce qui n\u2019\u00e9tait pas le cas avant. A l\u2019\u00e9poque du Christ les initiations pouvaient \u00eatre physiquement intenses et longue. Aujourd\u2019hui les \u00e9nergies cosmiques que re\u00e7oit la Terre permettent des \u00e9volutions et des prises de consciences rapides.<\/strong><\/h4><h4><strong>Pour participer \u00e0 ce module II il est demand\u00e9 d\u2019avoir d\u00e9j\u00e0 effectu\u00e9 le 1<sup>er<\/sup> module. De plus pour honorer l\u2019\u00e9nergie Christique tout au long de cette journ\u00e9e d\u2019initiation nous vous demandons d\u2019adopter une tenue blanche.<\/strong><\/h4><h4>\u00a0<\/h4><h4>\u00a0<\/h4>\t\t\t\t\t\t\t\t<\/div>\n\t\t\t\t<\/div>\n\t\t\t\t\t<\/div>\n\t\t<\/div>\n\t\t\t\t\t<\/div>\n\t\t<\/section>\n\t\t\t\t<\/div>\n\t\t<span class=\"et_bloom_bottom_trigger\"><\/span>","protected":false},"excerpt":{"rendered":"<p>Voyage dans les fr\u00e9quences quantiques \u00a0 Module II\u00a0: fr\u00e9quences Christiques \u00a0 Voici venir le temps du module II. Il est [&hellip;]<\/p>\n","protected":false},"author":1,"featured_media":1730,"parent":0,"menu_order":0,"comment_status":"closed","ping_status":"closed","template":"","meta":{"site-sidebar-layout":"default","site-content-layout":"","ast-site-content-layout":"default","site-content-style":"default","site-sidebar-style":"default","ast-global-header-display":"","ast-banner-title-visibility":"","ast-main-header-display":"","ast-hfb-above-header-display":"","ast-hfb-below-header-display":"","ast-hfb-mobile-header-display":"","site-post-title":"","ast-breadcrumbs-content":"","ast-featured-img":"","footer-sml-layout":"","ast-disable-related-posts":"","theme-transparent-header-meta":"","adv-header-id-meta":"","stick-header-meta":"","header-above-stick-meta":"","header-main-stick-meta":"","header-below-stick-meta":"","astra-migrate-meta-layouts":"default","ast-page-background-enabled":"default","ast-page-background-meta":{"desktop":{"background-color":"var(--ast-global-color-5)","background-image":"","background-repeat":"repeat","background-position":"center center","background-size":"auto","background-attachment":"scroll","background-type":"","background-media":"","overlay-type":"","overlay-color":"","overlay-opacity":"","overlay-gradient":""},"tablet":{"background-color":"","background-image":"","background-repeat":"repeat","background-position":"center center","background-size":"auto","background-attachment":"scroll","background-type":"","background-media":"","overlay-type":"","overlay-color":"","overlay-opacity":"","overlay-gradient":""},"mobile":{"background-color":"","background-image":"","background-repeat":"repeat","background-position":"center center","background-size":"auto","background-attachment":"scroll","background-type":"","background-media":"","overlay-type":"","overlay-color":"","overlay-opacity":"","overlay-gradient":""}},"ast-content-background-meta":{"desktop":{"background-color":"var(--ast-global-color-4)","background-image":"","background-repeat":"repeat","background-position":"center center","background-size":"auto","background-attachment":"scroll","background-type":"","background-media":"","overlay-type":"","overlay-color":"","overlay-opacity":"","overlay-gradient":""},"tablet":{"background-color":"var(--ast-global-color-4)","background-image":"","background-repeat":"repeat","background-position":"center center","background-size":"auto","background-attachment":"scroll","background-type":"","background-media":"","overlay-type":"","overlay-color":"","overlay-opacity":"","overlay-gradient":""},"mobile":{"background-color":"var(--ast-global-color-4)","background-image":"","background-repeat":"repeat","background-position":"center center","background-size":"auto","background-attachment":"scroll","background-type":"","background-media":"","overlay-type":"","overlay-color":"","overlay-opacity":"","overlay-gradient":""}},"_ti_tpc_template_sync":false,"_ti_tpc_template_id":"","footnotes":""},"class_list":["post-1729","page","type-page","status-publish","has-post-thumbnail","hentry"],"_links":{"self":[{"href":"https:\/\/rodolphevigne.com\/index.php?rest_route=\/wp\/v2\/pages\/1729","targetHints":{"allow":["GET"]}}],"collection":[{"href":"https:\/\/rodolphevigne.com\/index.php?rest_route=\/wp\/v2\/pages"}],"about":[{"href":"https:\/\/rodolphevigne.com\/index.php?rest_route=\/wp\/v2\/types\/page"}],"author":[{"embeddable":true,"href":"https:\/\/rodolphevigne.com\/index.php?rest_route=\/wp\/v2\/users\/1"}],"replies":[{"embeddable":true,"href":"https:\/\/rodolphevigne.com\/index.php?rest_route=%2Fwp%2Fv2%2Fcomments&post=1729"}],"version-history":[{"count":3,"href":"https:\/\/rodolphevigne.com\/index.php?rest_route=\/wp\/v2\/pages\/1729\/revisions"}],"predecessor-version":[{"id":1733,"href":"https:\/\/rodolphevigne.com\/index.php?rest_route=\/wp\/v2\/pages\/1729\/revisions\/1733"}],"wp:featuredmedia":[{"embeddable":true,"href":"https:\/\/rodolphevigne.com\/index.php?rest_route=\/wp\/v2\/media\/1730"}],"wp:attachment":[{"href":"https:\/\/rodolphevigne.com\/index.php?rest_route=%2Fwp%2Fv2%2Fmedia&parent=1729"}],"curies":[{"name":"wp","href":"https:\/\/api.w.org\/{rel}","templated":true}]}}