{"id":1696,"date":"2022-04-11T14:33:36","date_gmt":"2022-04-11T12:33:36","guid":{"rendered":"https:\/\/rodolphevigne.com\/?page_id=1696"},"modified":"2022-06-29T16:45:55","modified_gmt":"2022-06-29T14:45:55","slug":"voyage-quantique","status":"publish","type":"page","link":"https:\/\/rodolphevigne.com\/?page_id=1696","title":{"rendered":"Voyage quantique"},"content":{"rendered":"\t\t<div data-elementor-type=\"wp-page\" data-elementor-id=\"1696\" class=\"elementor elementor-1696\">\n\t\t\t\t\t\t<section class=\"elementor-section elementor-top-section elementor-element elementor-element-0f04d5e elementor-section-stretched elementor-section-boxed elementor-section-height-default elementor-section-height-default\" data-id=\"0f04d5e\" data-element_type=\"section\" data-e-type=\"section\" data-settings=\"{&quot;stretch_section&quot;:&quot;section-stretched&quot;}\">\n\t\t\t\t\t\t<div class=\"elementor-container elementor-column-gap-default\">\n\t\t\t\t\t<div class=\"elementor-column elementor-col-20 elementor-top-column elementor-element elementor-element-9866576\" data-id=\"9866576\" data-element_type=\"column\" data-e-type=\"column\">\n\t\t\t<div class=\"elementor-widget-wrap elementor-element-populated\">\n\t\t\t\t\t\t<div class=\"elementor-element elementor-element-0e37560 elementor-widget elementor-widget-image\" data-id=\"0e37560\" data-element_type=\"widget\" data-e-type=\"widget\" data-widget_type=\"image.default\">\n\t\t\t\t<div class=\"elementor-widget-container\">\n\t\t\t\t\t\t\t\t\t\t\t\t\t\t\t<img decoding=\"async\" src=\"https:\/\/rodolphevigne.com\/wp-content\/uploads\/elementor\/thumbs\/voir-des-dauphins-en-martinique-p31hs2kzbwd79n9bhz09euxt97zl7yo69cqx63oekw.jpg\" title=\"voir-des-dauphins-en-martinique\" alt=\"voir-des-dauphins-en-martinique\" loading=\"lazy\" \/>\t\t\t\t\t\t\t\t\t\t\t\t\t\t\t<\/div>\n\t\t\t\t<\/div>\n\t\t\t\t\t<\/div>\n\t\t<\/div>\n\t\t\t\t<div class=\"elementor-column elementor-col-20 elementor-top-column elementor-element elementor-element-86a95f0\" data-id=\"86a95f0\" data-element_type=\"column\" data-e-type=\"column\">\n\t\t\t<div class=\"elementor-widget-wrap elementor-element-populated\">\n\t\t\t\t\t\t<div class=\"elementor-element elementor-element-afb5b72 elementor-widget elementor-widget-image\" data-id=\"afb5b72\" data-element_type=\"widget\" data-e-type=\"widget\" data-widget_type=\"image.default\">\n\t\t\t\t<div class=\"elementor-widget-container\">\n\t\t\t\t\t\t\t\t\t\t\t\t\t\t\t<img decoding=\"async\" src=\"https:\/\/rodolphevigne.com\/wp-content\/uploads\/elementor\/thumbs\/104459678_740805756666699_555913160613291343_n-p61kufidch2vubmk9m3hokn5xzl40w1p8uxx9g3jrk.jpg\" title=\"104459678_740805756666699_555913160613291343_n\" alt=\"104459678_740805756666699_555913160613291343_n\" loading=\"lazy\" \/>\t\t\t\t\t\t\t\t\t\t\t\t\t\t\t<\/div>\n\t\t\t\t<\/div>\n\t\t\t\t\t<\/div>\n\t\t<\/div>\n\t\t\t\t<div class=\"elementor-column elementor-col-20 elementor-top-column elementor-element elementor-element-46a2751\" data-id=\"46a2751\" data-element_type=\"column\" data-e-type=\"column\">\n\t\t\t<div class=\"elementor-widget-wrap elementor-element-populated\">\n\t\t\t\t\t\t<div class=\"elementor-element elementor-element-ea3eaf0 elementor-widget elementor-widget-image\" data-id=\"ea3eaf0\" data-element_type=\"widget\" data-e-type=\"widget\" data-widget_type=\"image.default\">\n\t\t\t\t<div class=\"elementor-widget-container\">\n\t\t\t\t\t\t\t\t\t\t\t\t\t\t\t<img decoding=\"async\" src=\"https:\/\/rodolphevigne.com\/wp-content\/uploads\/elementor\/thumbs\/FB_IMG_1564000774318-pn7hvsgqn35dwfx4zjvyglc5lr1aoic2aktkygaac0.jpg\" title=\"FB_IMG_1564000774318\" alt=\"FB_IMG_1564000774318\" loading=\"lazy\" \/>\t\t\t\t\t\t\t\t\t\t\t\t\t\t\t<\/div>\n\t\t\t\t<\/div>\n\t\t\t\t\t<\/div>\n\t\t<\/div>\n\t\t\t\t<div class=\"elementor-column elementor-col-20 elementor-top-column elementor-element elementor-element-479b16c\" data-id=\"479b16c\" data-element_type=\"column\" data-e-type=\"column\">\n\t\t\t<div class=\"elementor-widget-wrap elementor-element-populated\">\n\t\t\t\t\t\t<div class=\"elementor-element elementor-element-a7ba2fc elementor-widget elementor-widget-image\" data-id=\"a7ba2fc\" data-element_type=\"widget\" data-e-type=\"widget\" data-widget_type=\"image.default\">\n\t\t\t\t<div class=\"elementor-widget-container\">\n\t\t\t\t\t\t\t\t\t\t\t\t\t\t\t<img decoding=\"async\" src=\"https:\/\/rodolphevigne.com\/wp-content\/uploads\/elementor\/thumbs\/FB_IMG_1572870260819-pn7i7vo0jdp57wczea0811ikn5g8odbsaeve5kd0b4.jpg\" title=\"FB_IMG_1572870260819\" alt=\"FB_IMG_1572870260819\" loading=\"lazy\" \/>\t\t\t\t\t\t\t\t\t\t\t\t\t\t\t<\/div>\n\t\t\t\t<\/div>\n\t\t\t\t\t<\/div>\n\t\t<\/div>\n\t\t\t\t<div class=\"elementor-column elementor-col-20 elementor-top-column elementor-element elementor-element-7310fde\" data-id=\"7310fde\" data-element_type=\"column\" data-e-type=\"column\">\n\t\t\t<div class=\"elementor-widget-wrap elementor-element-populated\">\n\t\t\t\t\t\t<div class=\"elementor-element elementor-element-01aca17 elementor-widget elementor-widget-image\" data-id=\"01aca17\" data-element_type=\"widget\" data-e-type=\"widget\" data-widget_type=\"image.default\">\n\t\t\t\t<div class=\"elementor-widget-container\">\n\t\t\t\t\t\t\t\t\t\t\t\t\t\t\t<img decoding=\"async\" src=\"https:\/\/rodolphevigne.com\/wp-content\/uploads\/elementor\/thumbs\/FB_IMG_1614804167238-pn7i4pxjkfdg72y6ueud5c7srj0tszs9irxn331n80.jpg\" title=\"FB_IMG_1614804167238\" alt=\"FB_IMG_1614804167238\" loading=\"lazy\" \/>\t\t\t\t\t\t\t\t\t\t\t\t\t\t\t<\/div>\n\t\t\t\t<\/div>\n\t\t\t\t\t<\/div>\n\t\t<\/div>\n\t\t\t\t\t<\/div>\n\t\t<\/section>\n\t\t\t\t<section class=\"elementor-section elementor-top-section elementor-element elementor-element-0e6d9bd elementor-section-boxed elementor-section-height-default elementor-section-height-default\" data-id=\"0e6d9bd\" data-element_type=\"section\" data-e-type=\"section\">\n\t\t\t\t\t\t<div class=\"elementor-container elementor-column-gap-default\">\n\t\t\t\t\t<div class=\"elementor-column elementor-col-100 elementor-top-column elementor-element elementor-element-3b97e88\" data-id=\"3b97e88\" data-element_type=\"column\" data-e-type=\"column\">\n\t\t\t<div class=\"elementor-widget-wrap\">\n\t\t\t\t\t\t\t<\/div>\n\t\t<\/div>\n\t\t\t\t\t<\/div>\n\t\t<\/section>\n\t\t\t\t<section class=\"elementor-section elementor-top-section elementor-element elementor-element-7a287f0 elementor-section-boxed elementor-section-height-default elementor-section-height-default\" data-id=\"7a287f0\" data-element_type=\"section\" data-e-type=\"section\">\n\t\t\t\t\t\t<div class=\"elementor-container elementor-column-gap-default\">\n\t\t\t\t\t<div class=\"elementor-column elementor-col-100 elementor-top-column elementor-element elementor-element-0a72d08\" data-id=\"0a72d08\" data-element_type=\"column\" data-e-type=\"column\">\n\t\t\t<div class=\"elementor-widget-wrap\">\n\t\t\t\t\t\t\t<\/div>\n\t\t<\/div>\n\t\t\t\t\t<\/div>\n\t\t<\/section>\n\t\t\t\t<section class=\"elementor-section elementor-top-section elementor-element elementor-element-ca5536b elementor-section-stretched elementor-section-boxed elementor-section-height-default elementor-section-height-default\" data-id=\"ca5536b\" data-element_type=\"section\" data-e-type=\"section\" data-settings=\"{&quot;stretch_section&quot;:&quot;section-stretched&quot;}\">\n\t\t\t\t\t\t<div class=\"elementor-container elementor-column-gap-default\">\n\t\t\t\t\t<div class=\"elementor-column elementor-col-100 elementor-top-column elementor-element elementor-element-498c674\" data-id=\"498c674\" data-element_type=\"column\" data-e-type=\"column\">\n\t\t\t<div class=\"elementor-widget-wrap elementor-element-populated\">\n\t\t\t\t\t\t<div class=\"elementor-element elementor-element-e245377 elementor-widget elementor-widget-text-editor\" data-id=\"e245377\" data-element_type=\"widget\" data-e-type=\"widget\" data-widget_type=\"text-editor.default\">\n\t\t\t\t<div class=\"elementor-widget-container\">\n\t\t\t\t\t\t\t\t\t<h3><span style=\"text-decoration: underline;\"><strong>Voyage dans les fr\u00e9quences quantiques<\/strong><\/span><\/h3><h4>\u00a0<\/h4><h4><strong>De fa\u00e7on pratique et volontaire je r\u00e9duis \u00ab\u00a0le quantique\u00a0\u00bb \u00e0 de l\u2019information vibratoire. Toute chose rayonne et \u00e9met une information vibratoire qui de ce fait influence son environnement plus ou moins proche.<\/strong><\/h4><h4><strong>Quand je parle d\u2019influence, je veux dire que le partage d\u2019information au contact d\u2019une vibration est transformateur. Tout est \u00e9volution, tout est \u00e9l\u00e9vation.<\/strong><\/h4><h4><strong>La complexit\u00e9 vient du fait qu\u2019il y a une infinit\u00e9 de fr\u00e9quences vibratoires. Disons des mondes ou dimensions qui ont une autre vibration que celle de notre monde en 3 dimensions.<\/strong><\/h4><h4><strong>Pour nous Humains, \u00eatre au contact d\u2019autres fr\u00e9quences vibratoires plus \u00ab\u00a0\u00e9lev\u00e9s\u00a0\u00bb que la n\u00f4tre est porteur. Nous y recevons une information d\u2019\u00e9volution qui nous permet des prises de consciences, des lib\u00e9rations, des gu\u00e9risons et bien d\u2019autres bienfaits. Il y a un alignement g\u00e9n\u00e9ral qui s\u2019op\u00e8re (Haut-P\u00e8re).<\/strong><\/h4><h4><strong>Je vous propose dans ces voyages quantiques d\u2019acc\u00e9der \u00e0 d\u2019autres fr\u00e9quences pour y recevoir une information d\u2019\u00e9volution\/gu\u00e9rison.<\/strong><\/h4><h4><strong>J\u2019ai la capacit\u00e9 \u00e0 me d\u00e9placer dans les divers fr\u00e9quences\/mondes quantiques et d\u2019y accompagner des groupes de personnes. L\u2019objectif de ces voyages est de permettre l\u2019acc\u00e8s au plus grand nombre de personnes d\u00e9sireuses d\u2019\u00e9voluer vers plus de paix int\u00e9rieur et de rayonner.<\/strong><\/h4><h4><strong>Il y a d\u2019innombrables fr\u00e9quences, chacune poss\u00e8de sa propre information vibratoire. Le point d\u2019origine de toutes ces fr\u00e9quences est la source originelle. \u00a0C\u2019est la source d\u2019Amour qui cr\u00e9e et relie l\u2019ensemble de la cr\u00e9ation.<\/strong><\/h4><h4><strong>J\u2019ai des d\u2019affinit\u00e9s avec la fr\u00e9quence des Dragons, les fr\u00e9quences Christiques, Anges, Archanges\u2026<\/strong><\/h4><h4><strong>Pour cr\u00e9er cette espace j\u2018ouvre mon C\u0153ur, tout passe par lui. Un C\u0153ur ouvert est un acc\u00e8s direct \u00e0 la source de toute chose. A partir de l\u00e0, chaque personne pr\u00e9sente va recevoir un flux d\u2019informations qui va se mettre \u00e0 circuler dans son int\u00e9rieur, levant des cristallisations et des n\u0153uds qui obstrue l&rsquo;\u00e9nergie de vie qui circule en nous.\u00a0<\/strong><\/h4><h4><strong>La soir\u00e9e dans sa globalit\u00e9 dure entre 1H30 &amp; 2H00 de temps. Elle comporte des temps de discussion et de m\u00e9ditation. Toute personne pr\u00e9sente est libre de s\u2019exprimer ou pas.<\/strong><\/h4><h4><strong>Vous pouvez \u00eatre assis.e ou allong\u00e9. C\u2019est suivant votre besoin. Prenez de quoi \u00eatre confortablement install\u00e9, plaides, coussins, tapis, matelas\u2026<\/strong><\/h4><h4><strong>Pensez \u00e9galement \u00e0 prendre de quoi boire.<\/strong><\/h4><h4><strong>Le co\u00fbt de la soir\u00e9e est de 40\u20ac par personne.<\/strong><\/h4><h4><strong>J\u2019organise des voyages quantiques dans divers lieux et \u00e9galement sur zoom. Pour \u00eatre au courant des dates propos\u00e9es vous pouvez me suivre sur FB ou sur ce site.<\/strong><\/h4><h4><strong>Renseignements et inscriptions au 06 95 72 33 93 ou par mail <a href=\"mailto:rodolphe.vigne777@gmail.com\">rodolphe.vigne777@gmail.com<\/a>.<\/strong><\/h4><h4><strong>Vous avez un lieu dans lequel vous souhaitez me recevoir\u00a0? N\u2019h\u00e9sitez pas \u00e0 prendre contact avec moi.<\/strong><\/h4><h4><strong>Cordialement<\/strong><\/h4><h4><strong>Rodolphe\u00a0\u00a0\u00a0\u00a0\u00a0\u00a0\u00a0\u00a0\u00a0\u00a0 \u00a0\u00a0\u00a0\u00a0\u00a0\u00a0\u00a0\u00a0\u00a0\u00a0\u00a0\u00a0\u00a0\u00a0\u00a0\u00a0\u00a0\u00a0\u00a0\u00a0\u00a0\u00a0\u00a0\u00a0\u00a0\u00a0\u00a0\u00a0\u00a0\u00a0\u00a0\u00a0\u00a0\u00a0\u00a0\u00a0\u00a0\u00a0\u00a0\u00a0\u00a0\u00a0\u00a0\u00a0\u00a0\u00a0\u00a0\u00a0\u00a0\u00a0\u00a0\u00a0\u00a0\u00a0\u00a0\u00a0\u00a0\u00a0\u00a0\u00a0\u00a0\u00a0\u00a0\u00a0\u00a0\u00a0\u00a0\u00a0\u00a0\u00a0\u00a0\u00a0\u00a0\u00a0\u00a0\u00a0\u00a0\u00a0\u00a0\u00a0\u00a0\u00a0\u00a0\u00a0\u00a0\u00a0\u00a0\u00a0\u00a0\u00a0\u00a0\u00a0\u00a0\u00a0\u00a0\u00a0\u00a0\u00a0\u00a0\u00a0\u00a0\u00a0\u00a0\u00a0\u00a0\u00a0\u00a0\u00a0\u00a0\u00a0\u00a0\u00a0\u00a0\u00a0\u00a0\u00a0\u00a0\u00a0\u00a0\u00a0\u00a0\u00a0\u00a0\u00a0\u00a0\u00a0\u00a0\u00a0\u00a0\u00a0\u00a0\u00a0\u00a0\u00a0\u00a0\u00a0\u00a0\u00a0\u00a0\u00a0\u00a0\u00a0\u00a0\u00a0\u00a0\u00a0\u00a0\u00a0\u00a0\u00a0\u00a0\u00a0\u00a0\u00a0\u00a0\u00a0\u00a0\u00a0\u00a0\u00a0\u00a0\u00a0\u00a0\u00a0\u00a0\u00a0\u00a0\u00a0\u00a0\u00a0\u00a0\u00a0\u00a0\u00a0\u00a0\u00a0\u00a0\u00a0\u00a0\u00a0\u00a0\u00a0\u00a0\u00a0\u00a0\u00a0\u00a0\u00a0\u00a0\u00a0\u00a0\u00a0\u00a0\u00a0\u00a0\u00a0\u00a0\u00a0\u00a0 \u00c9nerg\u00e9ticien Gu\u00e9risseur<\/strong><\/h4>\t\t\t\t\t\t\t\t<\/div>\n\t\t\t\t<\/div>\n\t\t\t\t\t<\/div>\n\t\t<\/div>\n\t\t\t\t\t<\/div>\n\t\t<\/section>\n\t\t\t\t<\/div>\n\t\t<span class=\"et_bloom_bottom_trigger\"><\/span>","protected":false},"excerpt":{"rendered":"<p>Voyage dans les fr\u00e9quences quantiques \u00a0 De fa\u00e7on pratique et volontaire je r\u00e9duis \u00ab\u00a0le quantique\u00a0\u00bb \u00e0 de l\u2019information vibratoire. Toute [&hellip;]<\/p>\n","protected":false},"author":1,"featured_media":1705,"parent":0,"menu_order":0,"comment_status":"closed","ping_status":"closed","template":"","meta":{"site-sidebar-layout":"default","site-content-layout":"","ast-site-content-layout":"default","site-content-style":"default","site-sidebar-style":"default","ast-global-header-display":"","ast-banner-title-visibility":"","ast-main-header-display":"","ast-hfb-above-header-display":"","ast-hfb-below-header-display":"","ast-hfb-mobile-header-display":"","site-post-title":"","ast-breadcrumbs-content":"","ast-featured-img":"","footer-sml-layout":"","ast-disable-related-posts":"","theme-transparent-header-meta":"","adv-header-id-meta":"","stick-header-meta":"","header-above-stick-meta":"","header-main-stick-meta":"","header-below-stick-meta":"","astra-migrate-meta-layouts":"default","ast-page-background-enabled":"default","ast-page-background-meta":{"desktop":{"background-color":"var(--ast-global-color-5)","background-image":"","background-repeat":"repeat","background-position":"center center","background-size":"auto","background-attachment":"scroll","background-type":"","background-media":"","overlay-type":"","overlay-color":"","overlay-opacity":"","overlay-gradient":""},"tablet":{"background-color":"","background-image":"","background-repeat":"repeat","background-position":"center center","background-size":"auto","background-attachment":"scroll","background-type":"","background-media":"","overlay-type":"","overlay-color":"","overlay-opacity":"","overlay-gradient":""},"mobile":{"background-color":"","background-image":"","background-repeat":"repeat","background-position":"center center","background-size":"auto","background-attachment":"scroll","background-type":"","background-media":"","overlay-type":"","overlay-color":"","overlay-opacity":"","overlay-gradient":""}},"ast-content-background-meta":{"desktop":{"background-color":"var(--ast-global-color-4)","background-image":"","background-repeat":"repeat","background-position":"center center","background-size":"auto","background-attachment":"scroll","background-type":"","background-media":"","overlay-type":"","overlay-color":"","overlay-opacity":"","overlay-gradient":""},"tablet":{"background-color":"var(--ast-global-color-4)","background-image":"","background-repeat":"repeat","background-position":"center center","background-size":"auto","background-attachment":"scroll","background-type":"","background-media":"","overlay-type":"","overlay-color":"","overlay-opacity":"","overlay-gradient":""},"mobile":{"background-color":"var(--ast-global-color-4)","background-image":"","background-repeat":"repeat","background-position":"center center","background-size":"auto","background-attachment":"scroll","background-type":"","background-media":"","overlay-type":"","overlay-color":"","overlay-opacity":"","overlay-gradient":""}},"_ti_tpc_template_sync":false,"_ti_tpc_template_id":"","footnotes":""},"class_list":["post-1696","page","type-page","status-publish","has-post-thumbnail","hentry"],"_links":{"self":[{"href":"https:\/\/rodolphevigne.com\/index.php?rest_route=\/wp\/v2\/pages\/1696","targetHints":{"allow":["GET"]}}],"collection":[{"href":"https:\/\/rodolphevigne.com\/index.php?rest_route=\/wp\/v2\/pages"}],"about":[{"href":"https:\/\/rodolphevigne.com\/index.php?rest_route=\/wp\/v2\/types\/page"}],"author":[{"embeddable":true,"href":"https:\/\/rodolphevigne.com\/index.php?rest_route=\/wp\/v2\/users\/1"}],"replies":[{"embeddable":true,"href":"https:\/\/rodolphevigne.com\/index.php?rest_route=%2Fwp%2Fv2%2Fcomments&post=1696"}],"version-history":[{"count":12,"href":"https:\/\/rodolphevigne.com\/index.php?rest_route=\/wp\/v2\/pages\/1696\/revisions"}],"predecessor-version":[{"id":1875,"href":"https:\/\/rodolphevigne.com\/index.php?rest_route=\/wp\/v2\/pages\/1696\/revisions\/1875"}],"wp:featuredmedia":[{"embeddable":true,"href":"https:\/\/rodolphevigne.com\/index.php?rest_route=\/wp\/v2\/media\/1705"}],"wp:attachment":[{"href":"https:\/\/rodolphevigne.com\/index.php?rest_route=%2Fwp%2Fv2%2Fmedia&parent=1696"}],"curies":[{"name":"wp","href":"https:\/\/api.w.org\/{rel}","templated":true}]}}