{"id":1685,"date":"2022-04-10T23:37:21","date_gmt":"2022-04-10T21:37:21","guid":{"rendered":"https:\/\/rodolphevigne.com\/?page_id=1685"},"modified":"2022-07-30T16:54:54","modified_gmt":"2022-07-30T14:54:54","slug":"cercle-de-pardon","status":"publish","type":"page","link":"https:\/\/rodolphevigne.com\/?page_id=1685","title":{"rendered":"Cercle de pardon"},"content":{"rendered":"\t\t<div data-elementor-type=\"wp-page\" data-elementor-id=\"1685\" class=\"elementor elementor-1685\">\n\t\t\t\t\t\t<section class=\"elementor-section elementor-top-section elementor-element elementor-element-81deeed elementor-section-stretched elementor-section-boxed elementor-section-height-default elementor-section-height-default\" data-id=\"81deeed\" data-element_type=\"section\" data-e-type=\"section\" data-settings=\"{&quot;stretch_section&quot;:&quot;section-stretched&quot;}\">\n\t\t\t\t\t\t<div class=\"elementor-container elementor-column-gap-default\">\n\t\t\t\t\t<div class=\"elementor-column elementor-col-33 elementor-top-column elementor-element elementor-element-365ff59\" data-id=\"365ff59\" data-element_type=\"column\" data-e-type=\"column\">\n\t\t\t<div class=\"elementor-widget-wrap elementor-element-populated\">\n\t\t\t\t\t\t<div class=\"elementor-element elementor-element-176642a elementor-widget elementor-widget-image\" data-id=\"176642a\" data-element_type=\"widget\" data-e-type=\"widget\" data-widget_type=\"image.default\">\n\t\t\t\t<div class=\"elementor-widget-container\">\n\t\t\t\t\t\t\t\t\t\t\t\t\t\t\t<img decoding=\"async\" src=\"https:\/\/rodolphevigne.com\/wp-content\/uploads\/elementor\/thumbs\/pardonner-pn6enwzx3qeey6qvc9fo7vgzo9zevfajig7se1oogg.jpg\" title=\"pardonner\" alt=\"pardonner\" loading=\"lazy\" \/>\t\t\t\t\t\t\t\t\t\t\t\t\t\t\t<\/div>\n\t\t\t\t<\/div>\n\t\t\t\t\t<\/div>\n\t\t<\/div>\n\t\t\t\t<div class=\"elementor-column elementor-col-33 elementor-top-column elementor-element elementor-element-22eb455\" data-id=\"22eb455\" data-element_type=\"column\" data-e-type=\"column\">\n\t\t\t<div class=\"elementor-widget-wrap elementor-element-populated\">\n\t\t\t\t\t\t<div class=\"elementor-element elementor-element-256c6a6 elementor-widget elementor-widget-image\" data-id=\"256c6a6\" data-element_type=\"widget\" data-e-type=\"widget\" data-widget_type=\"image.default\">\n\t\t\t\t<div class=\"elementor-widget-container\">\n\t\t\t\t\t\t\t\t\t\t\t\t\t\t\t<img decoding=\"async\" src=\"https:\/\/rodolphevigne.com\/wp-content\/uploads\/elementor\/thumbs\/le-pardon-1-pn6f60e2nx64fygool04pt3fcass1o4j00b9ysuuog.jpg\" title=\"67444674 &#8211; hands with red heart giving concept\" alt=\"67444674 - hands with red heart giving concept\" loading=\"lazy\" \/>\t\t\t\t\t\t\t\t\t\t\t\t\t\t\t<\/div>\n\t\t\t\t<\/div>\n\t\t\t\t\t<\/div>\n\t\t<\/div>\n\t\t\t\t<div class=\"elementor-column elementor-col-33 elementor-top-column elementor-element elementor-element-5f6548c\" data-id=\"5f6548c\" data-element_type=\"column\" data-e-type=\"column\">\n\t\t\t<div class=\"elementor-widget-wrap elementor-element-populated\">\n\t\t\t\t\t\t<div class=\"elementor-element elementor-element-1f48c3b elementor-widget elementor-widget-image\" data-id=\"1f48c3b\" data-element_type=\"widget\" data-e-type=\"widget\" data-widget_type=\"image.default\">\n\t\t\t\t<div class=\"elementor-widget-container\">\n\t\t\t\t\t\t\t\t\t\t\t\t\t\t\t<img decoding=\"async\" src=\"https:\/\/rodolphevigne.com\/wp-content\/uploads\/elementor\/thumbs\/le-pardon-pn6eniwc97v441bcmlc9oh12rhwwnyqkgifi6w9l1s.jpg\" title=\"le pardon\" alt=\"le pardon\" loading=\"lazy\" \/>\t\t\t\t\t\t\t\t\t\t\t\t\t\t\t<\/div>\n\t\t\t\t<\/div>\n\t\t\t\t\t<\/div>\n\t\t<\/div>\n\t\t\t\t\t<\/div>\n\t\t<\/section>\n\t\t\t\t<section class=\"elementor-section elementor-top-section elementor-element elementor-element-b8191da elementor-section-stretched elementor-section-boxed elementor-section-height-default elementor-section-height-default\" data-id=\"b8191da\" data-element_type=\"section\" data-e-type=\"section\" data-settings=\"{&quot;stretch_section&quot;:&quot;section-stretched&quot;}\">\n\t\t\t\t\t\t<div class=\"elementor-container elementor-column-gap-default\">\n\t\t\t\t\t<div class=\"elementor-column elementor-col-100 elementor-top-column elementor-element elementor-element-c333861\" data-id=\"c333861\" data-element_type=\"column\" data-e-type=\"column\">\n\t\t\t<div class=\"elementor-widget-wrap elementor-element-populated\">\n\t\t\t\t\t\t<div class=\"elementor-element elementor-element-bbe7c2d elementor-widget elementor-widget-text-editor\" data-id=\"bbe7c2d\" data-element_type=\"widget\" data-e-type=\"widget\" data-widget_type=\"text-editor.default\">\n\t\t\t\t<div class=\"elementor-widget-container\">\n\t\t\t\t\t\t\t\t\t<h3><span style=\"text-decoration: underline;\"><strong>Cercle de pardon<\/strong><\/span><\/h3><h4>\u00a0<\/h4><h4><strong><em>Le pardon est un acte fondateur. C\u2019est un des plus beaux cadeaux que l\u2019on puisse se faire.<\/em><\/strong><\/h4><h4><strong>La col\u00e8re ou toute autre ranc\u0153ur agit comme un poison en nous. Avec ce genre d\u2019\u00e9tat d\u2019\u00eatre int\u00e9rieur le repos et la paix ne sont jamais r\u00e9ellement possible. Beaucoup de situation viennent toucher, r\u00e9veiller ces sentiments contract\u00e9 en nous.<\/strong><\/h4><h4><strong>Cet \u00e9tat de col\u00e8re pollue nos \u00e9motions, nos pens\u00e9es, nos perspectives nous interdisant l\u2019apaisement g\u00e9n\u00e9ral et la joie qui pourrait en r\u00e9sulter. La r\u00e9solution de ces contractions int\u00e9rieures peut passer par le pardon. Le pardon permet de fermer de nombreuses sources de col\u00e8re qui irrigue notre \u00eatre entier.<\/strong><\/h4><h4><strong>Alors oui, pardonner n\u2019est pas toujours chose simple. Cela peut demander du temps. Un regard sur soi peut permettre de d\u00e9finir ce que l\u2019on veut nourrir et faire grandir en soi. L\u2019ombre ou la lumi\u00e8re. Cela reste un choix, un point de vue qui appartient \u00e0 chacun, \u00e0 chacune.<\/strong><\/h4><h4><strong>Le pardon nous am\u00e8ne \u00e0 comprendre que \u00ab\u00a0la situation\u00a0\u00bb, \u00ab\u00a0l\u2019autre\u00a0\u00bb, \u00ab\u00a0le coupable\u00a0\u00bb celui qui nourrit et subit notre col\u00e8re n\u2019est finalement que le r\u00e9ceptacle de notre \u00e9tat d\u2019\u00eatre. L\u2019autre est ext\u00e9rieur \u00e0 nous, le pardon est pour se lib\u00e9rer soi. C\u2019est une d\u00e9marche personnelle qui comporte plusieurs \u00e9tapes qui nous am\u00e8ne \u00e0 passer \u00e0 autre chose.<\/strong><\/h4><h4><strong>C\u2019est comme un cadeau que l\u2019on s\u2019offre pour se soulager et se lib\u00e9rer d\u2019un poids. Et \u00e0 partir de l\u00e0, notre rayonnement personnel pourra changer et laisser la place \u00e0 un renouveau tant int\u00e9rieur qu\u2019ext\u00e9rieur.<\/strong><\/h4><h4><strong>Comme souvent l\u2019Amour est l\u2019une des clefs \u00e0 la r\u00e9solution des probl\u00e9matiques Humaines. Comme le cite le philosophe \u00a0Peter Deunov.<\/strong><\/h4><h4><strong><em>\u00ab\u00a0C\u2019est de l\u2019amour que d\u00e9coule le sentiment du pardon. Il n\u2019y a que l\u2019amour qui pardonne.\u00a0\u00bb<\/em><\/strong><\/h4><h4><strong>Ce que je vous propose donc dans ce cercle, c\u2019est d\u2019aller connecter l\u2019Amour qui veille en vous et qui bien souvent n\u2019attend qu\u2019un signe de votre part pour s\u2019exprimer. Vous permettant de rel\u00e2cher la tension \u00e9motionnelle port\u00e9e, celle qui verrouille la col\u00e8re \u00e0 l\u2019int\u00e9rieur.<\/strong><\/h4><h4><strong>L\u2019information que votre corps porte dans son ADN, ses cellules jusque dans sa chaire va \u00eatre r\u00e9-inform\u00e9e par l\u2019Amour\/Lumi\u00e8re pour une lib\u00e9ration en douceur et en profondeur.<\/strong><\/h4><h4><strong>Pour cela j\u2019ouvrirai un espace de gu\u00e9rison du C\u0153ur en canalisant l\u2019\u00e9nergie d\u2019Amour \u00e9mise par la source de cr\u00e9ation originelle. Cette connexion va permettre \u00e0 chaque \u00ab\u00a0C\u0153ur\u00a0\u00bb pr\u00e9sent de s\u2019ouvrir et d\u2019\u0153uvrer \u00e0 sa gu\u00e9rison. Un espace de paix se met en place ou les C\u0153urs pr\u00e9sent vibrent \u00e0 l\u2019unisson cr\u00e9ant une symbiose entre participants. Un moment intense et unique.<\/strong><\/h4><h4>\u00a0<\/h4><h4><strong>Le cercle dure entre 1H30 &amp; 2H00 de temps. Il comporte des temps de discussion, de soin et de m\u00e9ditation. Toute personne pr\u00e9sente est libre de s\u2019exprimer ou pas.<\/strong><\/h4><h4><strong>Vous pouvez \u00eatre assis ou allonger. C\u2019est suivant votre besoin. Prenez de quoi \u00eatre confortablement installer, plaides, coussins, tapis, matelas\u2026<\/strong><\/h4><h4><strong>Pensez \u00e9galement \u00e0 prendre de quoi boire.<\/strong><\/h4><h4><strong>Le co\u00fbt de la soir\u00e9e est de 33\u20ac par personne.<\/strong><\/h4><h4><strong>J\u2019organise des cercles de gu\u00e9rison dans divers lieux et \u00e9galement sur zoom. Pour \u00eatre au courant des dates propos\u00e9es vous pouvez me suivre sur FB ou sur ce site.<\/strong><\/h4><h4><strong>Renseignements et inscriptions au 06 95 72 33 93 ou par mail <a href=\"mailto:rodolphe.vigne777@gmail.com\">rodolphe.vigne777@gmail.com<\/a>.<\/strong><\/h4><h4><strong>Vous avez un lieu dans lequel vous souhaitez me recevoir\u00a0? N\u2019h\u00e9sitez pas \u00e0 prendre contact avec moi.<\/strong><\/h4><h4><strong>Cordialement<\/strong><\/h4><h4><strong>Rodolphe<\/strong><\/h4>\t\t\t\t\t\t\t\t<\/div>\n\t\t\t\t<\/div>\n\t\t\t\t\t<\/div>\n\t\t<\/div>\n\t\t\t\t\t<\/div>\n\t\t<\/section>\n\t\t\t\t<section class=\"elementor-section elementor-top-section elementor-element elementor-element-6153807 elementor-section-boxed elementor-section-height-default elementor-section-height-default\" data-id=\"6153807\" data-element_type=\"section\" data-e-type=\"section\">\n\t\t\t\t\t\t<div class=\"elementor-container elementor-column-gap-default\">\n\t\t\t\t\t<div class=\"elementor-column elementor-col-100 elementor-top-column elementor-element elementor-element-586950f\" data-id=\"586950f\" data-element_type=\"column\" data-e-type=\"column\">\n\t\t\t<div class=\"elementor-widget-wrap\">\n\t\t\t\t\t\t\t<\/div>\n\t\t<\/div>\n\t\t\t\t\t<\/div>\n\t\t<\/section>\n\t\t\t\t<section class=\"elementor-section elementor-top-section elementor-element elementor-element-b60f367 elementor-section-boxed elementor-section-height-default elementor-section-height-default\" data-id=\"b60f367\" data-element_type=\"section\" data-e-type=\"section\">\n\t\t\t\t\t\t<div class=\"elementor-container elementor-column-gap-default\">\n\t\t\t\t\t<div class=\"elementor-column elementor-col-100 elementor-top-column elementor-element elementor-element-f0845db\" data-id=\"f0845db\" data-element_type=\"column\" data-e-type=\"column\">\n\t\t\t<div class=\"elementor-widget-wrap\">\n\t\t\t\t\t\t\t<\/div>\n\t\t<\/div>\n\t\t\t\t\t<\/div>\n\t\t<\/section>\n\t\t\t\t<section class=\"elementor-section elementor-top-section elementor-element elementor-element-a4c856d elementor-section-stretched elementor-section-boxed elementor-section-height-default elementor-section-height-default\" data-id=\"a4c856d\" data-element_type=\"section\" data-e-type=\"section\" data-settings=\"{&quot;stretch_section&quot;:&quot;section-stretched&quot;}\">\n\t\t\t\t\t\t<div class=\"elementor-container elementor-column-gap-default\">\n\t\t\t\t\t<div class=\"elementor-column elementor-col-33 elementor-top-column elementor-element elementor-element-37278f0\" data-id=\"37278f0\" data-element_type=\"column\" data-e-type=\"column\">\n\t\t\t<div class=\"elementor-widget-wrap\">\n\t\t\t\t\t\t\t<\/div>\n\t\t<\/div>\n\t\t\t\t<div class=\"elementor-column elementor-col-33 elementor-top-column elementor-element elementor-element-b6c2ecf\" data-id=\"b6c2ecf\" data-element_type=\"column\" data-e-type=\"column\">\n\t\t\t<div class=\"elementor-widget-wrap elementor-element-populated\">\n\t\t\t\t\t\t<div class=\"elementor-element elementor-element-c79b295 elementor-widget elementor-widget-text-editor\" data-id=\"c79b295\" data-element_type=\"widget\" data-e-type=\"widget\" data-widget_type=\"text-editor.default\">\n\t\t\t\t<div class=\"elementor-widget-container\">\n\t\t\t\t\t\t\t\t\t<p><em><strong>Rodolphe Vigne : Gu\u00e9risseur dans l\u2019\u00c2me<\/strong><\/em><\/p>\t\t\t\t\t\t\t\t<\/div>\n\t\t\t\t<\/div>\n\t\t\t\t\t<\/div>\n\t\t<\/div>\n\t\t\t\t<div class=\"elementor-column elementor-col-33 elementor-top-column elementor-element elementor-element-fd04afc\" data-id=\"fd04afc\" data-element_type=\"column\" data-e-type=\"column\">\n\t\t\t<div class=\"elementor-widget-wrap\">\n\t\t\t\t\t\t\t<\/div>\n\t\t<\/div>\n\t\t\t\t\t<\/div>\n\t\t<\/section>\n\t\t\t\t<\/div>\n\t\t<span class=\"et_bloom_bottom_trigger\"><\/span>","protected":false},"excerpt":{"rendered":"<p>Cercle de pardon \u00a0 Le pardon est un acte fondateur. C\u2019est un des plus beaux cadeaux que l\u2019on puisse se [&hellip;]<\/p>\n","protected":false},"author":1,"featured_media":1688,"parent":0,"menu_order":0,"comment_status":"closed","ping_status":"closed","template":"","meta":{"site-sidebar-layout":"default","site-content-layout":"","ast-site-content-layout":"default","site-content-style":"default","site-sidebar-style":"default","ast-global-header-display":"","ast-banner-title-visibility":"","ast-main-header-display":"","ast-hfb-above-header-display":"","ast-hfb-below-header-display":"","ast-hfb-mobile-header-display":"","site-post-title":"","ast-breadcrumbs-content":"","ast-featured-img":"","footer-sml-layout":"","ast-disable-related-posts":"","theme-transparent-header-meta":"","adv-header-id-meta":"","stick-header-meta":"","header-above-stick-meta":"","header-main-stick-meta":"","header-below-stick-meta":"","astra-migrate-meta-layouts":"default","ast-page-background-enabled":"default","ast-page-background-meta":{"desktop":{"background-color":"var(--ast-global-color-5)","background-image":"","background-repeat":"repeat","background-position":"center center","background-size":"auto","background-attachment":"scroll","background-type":"","background-media":"","overlay-type":"","overlay-color":"","overlay-opacity":"","overlay-gradient":""},"tablet":{"background-color":"","background-image":"","background-repeat":"repeat","background-position":"center center","background-size":"auto","background-attachment":"scroll","background-type":"","background-media":"","overlay-type":"","overlay-color":"","overlay-opacity":"","overlay-gradient":""},"mobile":{"background-color":"","background-image":"","background-repeat":"repeat","background-position":"center center","background-size":"auto","background-attachment":"scroll","background-type":"","background-media":"","overlay-type":"","overlay-color":"","overlay-opacity":"","overlay-gradient":""}},"ast-content-background-meta":{"desktop":{"background-color":"var(--ast-global-color-4)","background-image":"","background-repeat":"repeat","background-position":"center center","background-size":"auto","background-attachment":"scroll","background-type":"","background-media":"","overlay-type":"","overlay-color":"","overlay-opacity":"","overlay-gradient":""},"tablet":{"background-color":"var(--ast-global-color-4)","background-image":"","background-repeat":"repeat","background-position":"center center","background-size":"auto","background-attachment":"scroll","background-type":"","background-media":"","overlay-type":"","overlay-color":"","overlay-opacity":"","overlay-gradient":""},"mobile":{"background-color":"var(--ast-global-color-4)","background-image":"","background-repeat":"repeat","background-position":"center center","background-size":"auto","background-attachment":"scroll","background-type":"","background-media":"","overlay-type":"","overlay-color":"","overlay-opacity":"","overlay-gradient":""}},"_ti_tpc_template_sync":false,"_ti_tpc_template_id":"","footnotes":""},"class_list":["post-1685","page","type-page","status-publish","has-post-thumbnail","hentry"],"_links":{"self":[{"href":"https:\/\/rodolphevigne.com\/index.php?rest_route=\/wp\/v2\/pages\/1685","targetHints":{"allow":["GET"]}}],"collection":[{"href":"https:\/\/rodolphevigne.com\/index.php?rest_route=\/wp\/v2\/pages"}],"about":[{"href":"https:\/\/rodolphevigne.com\/index.php?rest_route=\/wp\/v2\/types\/page"}],"author":[{"embeddable":true,"href":"https:\/\/rodolphevigne.com\/index.php?rest_route=\/wp\/v2\/users\/1"}],"replies":[{"embeddable":true,"href":"https:\/\/rodolphevigne.com\/index.php?rest_route=%2Fwp%2Fv2%2Fcomments&post=1685"}],"version-history":[{"count":7,"href":"https:\/\/rodolphevigne.com\/index.php?rest_route=\/wp\/v2\/pages\/1685\/revisions"}],"predecessor-version":[{"id":1928,"href":"https:\/\/rodolphevigne.com\/index.php?rest_route=\/wp\/v2\/pages\/1685\/revisions\/1928"}],"wp:featuredmedia":[{"embeddable":true,"href":"https:\/\/rodolphevigne.com\/index.php?rest_route=\/wp\/v2\/media\/1688"}],"wp:attachment":[{"href":"https:\/\/rodolphevigne.com\/index.php?rest_route=%2Fwp%2Fv2%2Fmedia&parent=1685"}],"curies":[{"name":"wp","href":"https:\/\/api.w.org\/{rel}","templated":true}]}}