{"id":1673,"date":"2022-04-09T15:50:42","date_gmt":"2022-04-09T13:50:42","guid":{"rendered":"https:\/\/rodolphevigne.com\/?page_id=1673"},"modified":"2022-09-22T17:25:54","modified_gmt":"2022-09-22T15:25:54","slug":"cercle-de-guerison","status":"publish","type":"page","link":"https:\/\/rodolphevigne.com\/?page_id=1673","title":{"rendered":"Cercle de gu\u00e9rison"},"content":{"rendered":"\t\t<div data-elementor-type=\"wp-page\" data-elementor-id=\"1673\" class=\"elementor elementor-1673\">\n\t\t\t\t\t\t<section class=\"elementor-section elementor-top-section elementor-element elementor-element-cb2c4c6 elementor-section-stretched elementor-section-boxed elementor-section-height-default elementor-section-height-default\" data-id=\"cb2c4c6\" data-element_type=\"section\" data-e-type=\"section\" data-settings=\"{&quot;stretch_section&quot;:&quot;section-stretched&quot;}\">\n\t\t\t\t\t\t<div class=\"elementor-container elementor-column-gap-default\">\n\t\t\t\t\t<div class=\"elementor-column elementor-col-33 elementor-top-column elementor-element elementor-element-4b4c872\" data-id=\"4b4c872\" data-element_type=\"column\" data-e-type=\"column\">\n\t\t\t<div class=\"elementor-widget-wrap elementor-element-populated\">\n\t\t\t\t\t\t<div class=\"elementor-element elementor-element-164799f elementor-widget elementor-widget-image\" data-id=\"164799f\" data-element_type=\"widget\" data-e-type=\"widget\" data-widget_type=\"image.default\">\n\t\t\t\t<div class=\"elementor-widget-container\">\n\t\t\t\t\t\t\t\t\t\t\t\t\t\t\t<img decoding=\"async\" src=\"https:\/\/rodolphevigne.com\/wp-content\/uploads\/elementor\/thumbs\/shutterstock_image64-1024x683-1-pn4483cuh7o9hdobcejqjsl5x609ff8mt36x4e3ufk.jpg\" title=\"shutterstock_image64-1024&#215;683\" alt=\"shutterstock_image64-1024x683\" loading=\"lazy\" \/>\t\t\t\t\t\t\t\t\t\t\t\t\t\t\t<\/div>\n\t\t\t\t<\/div>\n\t\t\t\t\t<\/div>\n\t\t<\/div>\n\t\t\t\t<div class=\"elementor-column elementor-col-33 elementor-top-column elementor-element elementor-element-c2e5032\" data-id=\"c2e5032\" data-element_type=\"column\" data-e-type=\"column\">\n\t\t\t<div class=\"elementor-widget-wrap elementor-element-populated\">\n\t\t\t\t\t\t<div class=\"elementor-element elementor-element-efc6db3 elementor-widget elementor-widget-image\" data-id=\"efc6db3\" data-element_type=\"widget\" data-e-type=\"widget\" data-widget_type=\"image.default\">\n\t\t\t\t<div class=\"elementor-widget-container\">\n\t\t\t\t\t\t\t\t\t\t\t\t\t\t\t<img decoding=\"async\" src=\"https:\/\/rodolphevigne.com\/wp-content\/uploads\/elementor\/thumbs\/1570866706307-pn43plv42id95gizaevvigitcd4e1puo9lb5chiksw.jpg\" title=\"1570866706307\" alt=\"1570866706307\" loading=\"lazy\" \/>\t\t\t\t\t\t\t\t\t\t\t\t\t\t\t<\/div>\n\t\t\t\t<\/div>\n\t\t\t\t\t<\/div>\n\t\t<\/div>\n\t\t\t\t<div class=\"elementor-column elementor-col-33 elementor-top-column elementor-element elementor-element-38a4f58\" data-id=\"38a4f58\" data-element_type=\"column\" data-e-type=\"column\">\n\t\t\t<div class=\"elementor-widget-wrap elementor-element-populated\">\n\t\t\t\t\t\t<div class=\"elementor-element elementor-element-23d4e4e elementor-widget elementor-widget-image\" data-id=\"23d4e4e\" data-element_type=\"widget\" data-e-type=\"widget\" data-widget_type=\"image.default\">\n\t\t\t\t<div class=\"elementor-widget-container\">\n\t\t\t\t\t\t\t\t\t\t\t\t\t\t\t<img decoding=\"async\" src=\"https:\/\/rodolphevigne.com\/wp-content\/uploads\/elementor\/thumbs\/chercheurs-creent-cellule-synthetique-simple-qui-croit-divise-comme-cellule-naturelle-couv-pn4478c67ohsu8xddj51rieybg95dethotnwa9du4w.jpg\" title=\"chercheurs-creent-cellule-synthetique-simple-qui-croit-divise-comme-cellule-naturelle-couv\" alt=\"chercheurs-creent-cellule-synthetique-simple-qui-croit-divise-comme-cellule-naturelle-couv\" loading=\"lazy\" \/>\t\t\t\t\t\t\t\t\t\t\t\t\t\t\t<\/div>\n\t\t\t\t<\/div>\n\t\t\t\t\t<\/div>\n\t\t<\/div>\n\t\t\t\t\t<\/div>\n\t\t<\/section>\n\t\t\t\t<section class=\"elementor-section elementor-top-section elementor-element elementor-element-4ec34b6b elementor-section-boxed elementor-section-height-default elementor-section-height-default\" data-id=\"4ec34b6b\" data-element_type=\"section\" data-e-type=\"section\">\n\t\t\t\t\t\t<div class=\"elementor-container elementor-column-gap-default\">\n\t\t\t\t\t<div class=\"elementor-column elementor-col-100 elementor-top-column elementor-element elementor-element-3e4037fc\" data-id=\"3e4037fc\" data-element_type=\"column\" data-e-type=\"column\">\n\t\t\t<div class=\"elementor-widget-wrap elementor-element-populated\">\n\t\t\t\t\t\t<div class=\"elementor-element elementor-element-1ce54ea6 elementor-widget elementor-widget-text-editor\" data-id=\"1ce54ea6\" data-element_type=\"widget\" data-e-type=\"widget\" data-widget_type=\"text-editor.default\">\n\t\t\t\t<div class=\"elementor-widget-container\">\n\t\t\t\t\t\t\t\t\t\n<p><\/p>\n\n\n\n<p><\/p>\n\t\t\t\t\t\t\t\t<\/div>\n\t\t\t\t<\/div>\n\t\t\t\t\t<\/div>\n\t\t<\/div>\n\t\t\t\t\t<\/div>\n\t\t<\/section>\n\t\t\t\t<section class=\"elementor-section elementor-top-section elementor-element elementor-element-febb8b6 elementor-section-stretched elementor-section-boxed elementor-section-height-default elementor-section-height-default\" data-id=\"febb8b6\" data-element_type=\"section\" data-e-type=\"section\" data-settings=\"{&quot;stretch_section&quot;:&quot;section-stretched&quot;}\">\n\t\t\t\t\t\t<div class=\"elementor-container elementor-column-gap-default\">\n\t\t\t\t\t<div class=\"elementor-column elementor-col-100 elementor-top-column elementor-element elementor-element-cdb8d6f\" data-id=\"cdb8d6f\" data-element_type=\"column\" data-e-type=\"column\">\n\t\t\t<div class=\"elementor-widget-wrap elementor-element-populated\">\n\t\t\t\t\t\t<div class=\"elementor-element elementor-element-8094196 elementor-widget elementor-widget-text-editor\" data-id=\"8094196\" data-element_type=\"widget\" data-e-type=\"widget\" data-widget_type=\"text-editor.default\">\n\t\t\t\t<div class=\"elementor-widget-container\">\n\t\t\t\t\t\t\t\t\t<h4><strong><span style=\"text-decoration: underline;\"><em>Cercle de gu\u00e9rison<\/em><\/span><\/strong><\/h4>\n<h4>\u00a0<\/h4>\n<h4><strong>Un cercle de gu\u00e9rison est d\u2019abord un espace de respect, d\u2019ouverture et d\u2019humilit\u00e9. Dans lequel chacun, chacune vient pour un besoin personnel qui s\u2019inscrit dans une d\u00e9marche d\u2019\u00e9volution et de mieux \u00eatre g\u00e9n\u00e9ral.<\/strong><\/h4>\n<h4><strong>Pourquoi me direz-vous et bien parce nous portons toutes et tous des espaces de souffrances en nous.<\/strong><\/h4>\n<h4 class=\"l7ghb35v kjdc1dyq kmwttqpk gh25dzvf jikcssrz\"><strong>Un cercle de gu\u00e9rison est un moment pour se ressourcer et \u00e9vacuer les tensions que nous portons. Que ce soit des charges mentales, des charges \u00e9motionnelles ou encore des difficult\u00e9s physiques que le corps exprime par des tensions, des douleurs, des maladies, etc.<\/strong><\/h4>\n<h4 class=\"l7ghb35v kjdc1dyq kmwttqpk gh25dzvf jikcssrz\"><strong>C\u2019est un espace \u00e9nerg\u00e9tique ou chaque personne pr\u00e9sente re\u00e7oit un flux qui va venir r\u00e9g\u00e9n\u00e9rer l\u2019ensemble des circuits apportant ainsi un r\u00e9\u00e9quilibrage du corps en lien avec ses \u00e9nergies.<\/strong><\/h4>\n<h4 class=\"l7ghb35v kjdc1dyq kmwttqpk gh25dzvf jikcssrz\"><strong>De fa\u00e7on concr\u00e8te je propose \u00e0 chacun.e de s\u2019assoir ou de s\u2019allonger confortablement. A ce moment-l\u00e0 je canaliserai l\u2019\u00e9nergie de gu\u00e9rison qui permettra de rentrer dans un \u00e9tat m\u00e9ditatif propice \u00e0 la r\u00e9ception du flux gu\u00e9risseur.<\/strong><\/h4>\n<h4 class=\"l7ghb35v kjdc1dyq kmwttqpk gh25dzvf jikcssrz\"><strong>Les r\u00e9sultats sont tr\u00e8s concret, un apaisement g\u00e9n\u00e9ral se fait, apportant :<\/strong><\/h4>\n<h4 class=\"l7ghb35v kjdc1dyq kmwttqpk gh25dzvf jikcssrz\"><strong>&#8211; Un meilleur sommeil<\/strong><br \/><strong>&#8211; Une meilleure gestion du stress<\/strong><br \/><strong>&#8211; Une tranquillit\u00e9 de l\u2019esprit<\/strong><br \/><strong>&#8211; Une meilleure gestion de ses \u00e9motions<\/strong><br \/><strong>&#8211; Les douleurs qui s\u2019estompent<\/strong><br \/><strong>&#8211; Lib\u00e9ration de vielles m\u00e9moires<\/strong><br \/><strong>&#8211; Une tranquillit\u00e9 de l\u2019esprit<\/strong><\/h4>\n<h4 class=\"l7ghb35v kjdc1dyq kmwttqpk gh25dzvf jikcssrz\">\u00a0<\/h4>\n<h4 class=\"l7ghb35v kjdc1dyq kmwttqpk gh25dzvf jikcssrz\"><strong>De mani\u00e8re g\u00e9n\u00e9rale le corps se saisit de cette manne \u00e9nerg\u00e9tique et dans son intelligence il active sa capacit\u00e9 d\u2019auto gu\u00e9rison. Permettant ainsi \u00ab de petits miracles \u00bb.<\/strong><\/h4>\n<h4 class=\"l7ghb35v kjdc1dyq kmwttqpk gh25dzvf jikcssrz\"><strong>Comme pour toute entreprise la continuit\u00e9 permet souvent d\u2019atteindre ses objectifs.<\/strong><\/h4>\n<h4><strong>Le cercle dure entre 1H30 &amp; 2H00 de temps. Il comporte des temps de discussion, de partage et de m\u00e9ditation. Toute personne pr\u00e9sente est libre de s\u2019exprimer ou pas.<\/strong><\/h4>\n<h4><strong>Vous pouvez \u00eatre assis ou allonger. C\u2019est suivant votre besoin. Prenez de quoi \u00eatre confortablement installer, plaides, coussins, tapis, matelas\u2026<\/strong><\/h4>\n<h4><strong>Pensez \u00e9galement \u00e0 prendre de quoi boire.<\/strong><\/h4>\n<h4><strong><span style=\"color: #99cc00;\"><em><a style=\"color: #99cc00;\" href=\"https:\/\/rodolphevigne.com\/?product=le-soin-collectif\">Le co\u00fbt de la soir\u00e9e est de 25\u20ac par personne.<\/a><\/em><\/span><\/strong><\/h4>\n<h4><strong>J\u2019organise des cercles de gu\u00e9rison dans divers lieux et \u00e9galement sur zoom. Pour \u00eatre au courant des dates propos\u00e9es vous pouvez me suivre sur FB ou sur ce site.<\/strong><\/h4>\n<h4><strong>Renseignements et inscriptions au 06 95 72 33 93 ou par mail <a href=\"mailto:rodolphe.vigne777@gmail.com\">rodolphe.vigne777@gmail.com<\/a>.<\/strong><\/h4>\n<h4><strong>Vous avez un lieu dans lequel vous souhaitez me recevoir\u00a0? N\u2019h\u00e9sitez pas \u00e0 prendre contact avec moi.<\/strong><\/h4>\n<h4><strong>Cordialement<\/strong><\/h4>\n<h4><strong>Rodolphe<\/strong><\/h4>\t\t\t\t\t\t\t\t<\/div>\n\t\t\t\t<\/div>\n\t\t\t\t\t<\/div>\n\t\t<\/div>\n\t\t\t\t\t<\/div>\n\t\t<\/section>\n\t\t\t\t<section class=\"elementor-section elementor-top-section elementor-element elementor-element-45482b6 elementor-section-stretched elementor-section-boxed elementor-section-height-default elementor-section-height-default\" data-id=\"45482b6\" data-element_type=\"section\" data-e-type=\"section\" data-settings=\"{&quot;stretch_section&quot;:&quot;section-stretched&quot;}\">\n\t\t\t\t\t\t<div class=\"elementor-container elementor-column-gap-default\">\n\t\t\t\t\t<div class=\"elementor-column elementor-col-33 elementor-top-column elementor-element elementor-element-8ab015d\" data-id=\"8ab015d\" data-element_type=\"column\" data-e-type=\"column\">\n\t\t\t<div class=\"elementor-widget-wrap elementor-element-populated\">\n\t\t\t\t\t\t<div class=\"elementor-element elementor-element-cf6768a elementor-widget elementor-widget-image\" data-id=\"cf6768a\" data-element_type=\"widget\" data-e-type=\"widget\" data-widget_type=\"image.default\">\n\t\t\t\t<div class=\"elementor-widget-container\">\n\t\t\t\t\t\t\t\t\t\t\t\t\t\t\t<img fetchpriority=\"high\" decoding=\"async\" width=\"516\" height=\"412\" src=\"https:\/\/rodolphevigne.com\/wp-content\/uploads\/2022\/06\/Screenshot-2022-05-04-at-10-38-03-Power-point-Cursus-de-transformation.png\" class=\"attachment-large size-large wp-image-1769\" alt=\"\" srcset=\"https:\/\/rodolphevigne.com\/wp-content\/uploads\/2022\/06\/Screenshot-2022-05-04-at-10-38-03-Power-point-Cursus-de-transformation.png 516w, https:\/\/rodolphevigne.com\/wp-content\/uploads\/2022\/06\/Screenshot-2022-05-04-at-10-38-03-Power-point-Cursus-de-transformation-300x240.png 300w\" sizes=\"(max-width: 516px) 100vw, 516px\" \/>\t\t\t\t\t\t\t\t\t\t\t\t\t\t\t<\/div>\n\t\t\t\t<\/div>\n\t\t\t\t\t<\/div>\n\t\t<\/div>\n\t\t\t\t<div class=\"elementor-column elementor-col-33 elementor-top-column elementor-element elementor-element-b7863f4\" data-id=\"b7863f4\" data-element_type=\"column\" data-e-type=\"column\">\n\t\t\t<div class=\"elementor-widget-wrap elementor-element-populated\">\n\t\t\t\t\t\t<div class=\"elementor-element elementor-element-b4f5cb0 elementor-widget elementor-widget-text-editor\" data-id=\"b4f5cb0\" data-element_type=\"widget\" data-e-type=\"widget\" data-widget_type=\"text-editor.default\">\n\t\t\t\t<div class=\"elementor-widget-container\">\n\t\t\t\t\t\t\t\t\t<h4 style=\"text-align: center;\"><span style=\"color: #0000ff;\"><strong>Cercle de gu\u00e9rison<\/strong><\/span><\/h4>\n<h4 style=\"text-align: center;\">Les 3Ateliers Lablach\u00e8re<\/h4>\n<h4 style=\"text-align: center;\"><span style=\"color: #ff0000;\"><strong>Le jeudi 29 septembre<br \/><\/strong><\/span><\/h4>\n<h4 style=\"text-align: center;\"><strong>de 19H00 \u00e0 20H30<\/strong><\/h4>\n<h4 style=\"text-align: center;\">Inscription &amp; renseignements<\/h4>\n<h4 style=\"text-align: center;\">06 95 72 33 93<\/h4>\t\t\t\t\t\t\t\t<\/div>\n\t\t\t\t<\/div>\n\t\t\t\t\t<\/div>\n\t\t<\/div>\n\t\t\t\t<div class=\"elementor-column elementor-col-33 elementor-top-column elementor-element elementor-element-0ffc9bd\" data-id=\"0ffc9bd\" data-element_type=\"column\" data-e-type=\"column\">\n\t\t\t<div class=\"elementor-widget-wrap elementor-element-populated\">\n\t\t\t\t\t\t<div class=\"elementor-element elementor-element-aaa2516 elementor-widget elementor-widget-google_maps\" data-id=\"aaa2516\" data-element_type=\"widget\" data-e-type=\"widget\" data-widget_type=\"google_maps.default\">\n\t\t\t\t<div class=\"elementor-widget-container\">\n\t\t\t\t\t\t\t<div class=\"elementor-custom-embed\">\n\t\t\t<iframe loading=\"lazy\"\n\t\t\t\t\tsrc=\"https:\/\/maps.google.com\/maps?q=les%203%20ateliers%20lablachere&#038;t=m&#038;z=10&#038;output=embed&#038;iwloc=near\"\n\t\t\t\t\ttitle=\"les 3 ateliers lablachere\"\n\t\t\t\t\taria-label=\"les 3 ateliers lablachere\"\n\t\t\t><\/iframe>\n\t\t<\/div>\n\t\t\t\t\t\t<\/div>\n\t\t\t\t<\/div>\n\t\t\t\t\t<\/div>\n\t\t<\/div>\n\t\t\t\t\t<\/div>\n\t\t<\/section>\n\t\t\t\t<section class=\"elementor-section elementor-top-section elementor-element elementor-element-bead9f0 elementor-section-stretched elementor-section-boxed elementor-section-height-default elementor-section-height-default\" data-id=\"bead9f0\" data-element_type=\"section\" data-e-type=\"section\" data-settings=\"{&quot;stretch_section&quot;:&quot;section-stretched&quot;}\">\n\t\t\t\t\t\t<div class=\"elementor-container elementor-column-gap-default\">\n\t\t\t\t\t<div class=\"elementor-column elementor-col-33 elementor-top-column elementor-element elementor-element-5ee762c\" data-id=\"5ee762c\" data-element_type=\"column\" data-e-type=\"column\">\n\t\t\t<div class=\"elementor-widget-wrap elementor-element-populated\">\n\t\t\t\t\t\t<div class=\"elementor-element elementor-element-23f1b0b elementor-widget elementor-widget-image\" data-id=\"23f1b0b\" data-element_type=\"widget\" data-e-type=\"widget\" data-widget_type=\"image.default\">\n\t\t\t\t<div class=\"elementor-widget-container\">\n\t\t\t\t\t\t\t\t\t\t\t\t\t\t\t<img fetchpriority=\"high\" decoding=\"async\" width=\"516\" height=\"412\" src=\"https:\/\/rodolphevigne.com\/wp-content\/uploads\/2022\/06\/Screenshot-2022-05-04-at-10-38-03-Power-point-Cursus-de-transformation.png\" class=\"attachment-large size-large wp-image-1769\" alt=\"\" srcset=\"https:\/\/rodolphevigne.com\/wp-content\/uploads\/2022\/06\/Screenshot-2022-05-04-at-10-38-03-Power-point-Cursus-de-transformation.png 516w, https:\/\/rodolphevigne.com\/wp-content\/uploads\/2022\/06\/Screenshot-2022-05-04-at-10-38-03-Power-point-Cursus-de-transformation-300x240.png 300w\" sizes=\"(max-width: 516px) 100vw, 516px\" \/>\t\t\t\t\t\t\t\t\t\t\t\t\t\t\t<\/div>\n\t\t\t\t<\/div>\n\t\t\t\t\t<\/div>\n\t\t<\/div>\n\t\t\t\t<div class=\"elementor-column elementor-col-33 elementor-top-column elementor-element elementor-element-14d9b67\" data-id=\"14d9b67\" data-element_type=\"column\" data-e-type=\"column\">\n\t\t\t<div class=\"elementor-widget-wrap elementor-element-populated\">\n\t\t\t\t\t\t<div class=\"elementor-element elementor-element-b3a2dcf elementor-widget elementor-widget-text-editor\" data-id=\"b3a2dcf\" data-element_type=\"widget\" data-e-type=\"widget\" data-widget_type=\"text-editor.default\">\n\t\t\t\t<div class=\"elementor-widget-container\">\n\t\t\t\t\t\t\t\t\t<h4 style=\"text-align: center;\"><span style=\"color: #0000ff;\"><strong>Cercle de gu\u00e9rison<\/strong><\/span><\/h4>\n<h4 style=\"text-align: center;\"><a href=\"http:\/\/lestroisateliers.fr\/\"><strong>Les 3 Ateliers \u00e0 Lablach\u00e8re<\/strong><\/a><\/h4>\n<h4 style=\"text-align: center;\"><span style=\"color: #ff0000;\"><strong>Le jeudi 27 octobre<br \/><\/strong><\/span><\/h4>\n<h4 style=\"text-align: center;\"><strong>de 19H00 \u00e0 20H30<\/strong><\/h4>\n<h4 style=\"text-align: center;\">Inscription &amp; renseignements<\/h4>\n<h4 style=\"text-align: center;\">06 95 72 33 93<\/h4>\t\t\t\t\t\t\t\t<\/div>\n\t\t\t\t<\/div>\n\t\t\t\t\t<\/div>\n\t\t<\/div>\n\t\t\t\t<div class=\"elementor-column elementor-col-33 elementor-top-column elementor-element elementor-element-1604f01\" data-id=\"1604f01\" data-element_type=\"column\" data-e-type=\"column\">\n\t\t\t<div class=\"elementor-widget-wrap elementor-element-populated\">\n\t\t\t\t\t\t<div class=\"elementor-element elementor-element-e01c00c elementor-widget elementor-widget-google_maps\" data-id=\"e01c00c\" data-element_type=\"widget\" data-e-type=\"widget\" data-widget_type=\"google_maps.default\">\n\t\t\t\t<div class=\"elementor-widget-container\">\n\t\t\t\t\t\t\t<div class=\"elementor-custom-embed\">\n\t\t\t<iframe loading=\"lazy\"\n\t\t\t\t\tsrc=\"https:\/\/maps.google.com\/maps?q=LES%203%20ATELIERS%20lablachere&#038;t=m&#038;z=10&#038;output=embed&#038;iwloc=near\"\n\t\t\t\t\ttitle=\"LES 3 ATELIERS lablachere\"\n\t\t\t\t\taria-label=\"LES 3 ATELIERS lablachere\"\n\t\t\t><\/iframe>\n\t\t<\/div>\n\t\t\t\t\t\t<\/div>\n\t\t\t\t<\/div>\n\t\t\t\t\t<\/div>\n\t\t<\/div>\n\t\t\t\t\t<\/div>\n\t\t<\/section>\n\t\t\t\t<section class=\"elementor-section elementor-top-section elementor-element elementor-element-b08ab82 elementor-section-stretched elementor-section-boxed elementor-section-height-default elementor-section-height-default\" data-id=\"b08ab82\" data-element_type=\"section\" data-e-type=\"section\" data-settings=\"{&quot;stretch_section&quot;:&quot;section-stretched&quot;}\">\n\t\t\t\t\t\t<div class=\"elementor-container elementor-column-gap-default\">\n\t\t\t\t\t<div class=\"elementor-column elementor-col-33 elementor-top-column elementor-element elementor-element-3e78e4d\" data-id=\"3e78e4d\" data-element_type=\"column\" data-e-type=\"column\">\n\t\t\t<div class=\"elementor-widget-wrap elementor-element-populated\">\n\t\t\t\t\t\t<div class=\"elementor-element elementor-element-15c8144 elementor-widget elementor-widget-image\" data-id=\"15c8144\" data-element_type=\"widget\" data-e-type=\"widget\" data-widget_type=\"image.default\">\n\t\t\t\t<div class=\"elementor-widget-container\">\n\t\t\t\t\t\t\t\t\t\t\t\t\t\t\t<img fetchpriority=\"high\" decoding=\"async\" width=\"516\" height=\"412\" src=\"https:\/\/rodolphevigne.com\/wp-content\/uploads\/2022\/06\/Screenshot-2022-05-04-at-10-38-03-Power-point-Cursus-de-transformation.png\" class=\"attachment-large size-large wp-image-1769\" alt=\"\" srcset=\"https:\/\/rodolphevigne.com\/wp-content\/uploads\/2022\/06\/Screenshot-2022-05-04-at-10-38-03-Power-point-Cursus-de-transformation.png 516w, https:\/\/rodolphevigne.com\/wp-content\/uploads\/2022\/06\/Screenshot-2022-05-04-at-10-38-03-Power-point-Cursus-de-transformation-300x240.png 300w\" sizes=\"(max-width: 516px) 100vw, 516px\" \/>\t\t\t\t\t\t\t\t\t\t\t\t\t\t\t<\/div>\n\t\t\t\t<\/div>\n\t\t\t\t\t<\/div>\n\t\t<\/div>\n\t\t\t\t<div class=\"elementor-column elementor-col-33 elementor-top-column elementor-element elementor-element-7f418bd\" data-id=\"7f418bd\" data-element_type=\"column\" data-e-type=\"column\">\n\t\t\t<div class=\"elementor-widget-wrap elementor-element-populated\">\n\t\t\t\t\t\t<div class=\"elementor-element elementor-element-3fbfb0e elementor-widget elementor-widget-text-editor\" data-id=\"3fbfb0e\" data-element_type=\"widget\" data-e-type=\"widget\" data-widget_type=\"text-editor.default\">\n\t\t\t\t<div class=\"elementor-widget-container\">\n\t\t\t\t\t\t\t\t\t<h4 style=\"text-align: center;\"><span style=\"color: #0000ff;\"><strong>Cercle de gu\u00e9rison<\/strong><\/span><\/h4>\n<h4 style=\"text-align: center;\"><a href=\"http:\/\/lestroisateliers.fr\/\"><strong>Les 3 Ateliers \u00e0 Lablach\u00e8re<\/strong><\/a><\/h4>\n<h4 style=\"text-align: center;\"><strong><span style=\"color: #ff0000;\">Le jeudi 24 novembre<\/span><br \/><\/strong><\/h4>\n<h4 style=\"text-align: center;\"><strong>de 19H00 \u00e0 20H30<\/strong><\/h4>\n<h4 style=\"text-align: center;\">Inscription &amp; renseignements<\/h4>\n<h4 style=\"text-align: center;\">06 95 72 33 93<\/h4>\n<p style=\"text-align: center;\">.<\/p>\t\t\t\t\t\t\t\t<\/div>\n\t\t\t\t<\/div>\n\t\t\t\t\t<\/div>\n\t\t<\/div>\n\t\t\t\t<div class=\"elementor-column elementor-col-33 elementor-top-column elementor-element elementor-element-db3a73a\" data-id=\"db3a73a\" data-element_type=\"column\" data-e-type=\"column\">\n\t\t\t<div class=\"elementor-widget-wrap elementor-element-populated\">\n\t\t\t\t\t\t<div class=\"elementor-element elementor-element-e722c30 elementor-widget elementor-widget-google_maps\" data-id=\"e722c30\" data-element_type=\"widget\" data-e-type=\"widget\" data-widget_type=\"google_maps.default\">\n\t\t\t\t<div class=\"elementor-widget-container\">\n\t\t\t\t\t\t\t<div class=\"elementor-custom-embed\">\n\t\t\t<iframe loading=\"lazy\"\n\t\t\t\t\tsrc=\"https:\/\/maps.google.com\/maps?q=les%203%20ateliers%20lablachere&#038;t=m&#038;z=10&#038;output=embed&#038;iwloc=near\"\n\t\t\t\t\ttitle=\"les 3 ateliers lablachere\"\n\t\t\t\t\taria-label=\"les 3 ateliers lablachere\"\n\t\t\t><\/iframe>\n\t\t<\/div>\n\t\t\t\t\t\t<\/div>\n\t\t\t\t<\/div>\n\t\t\t\t\t<\/div>\n\t\t<\/div>\n\t\t\t\t\t<\/div>\n\t\t<\/section>\n\t\t\t\t<\/div>\n\t\t<span class=\"et_bloom_bottom_trigger\"><\/span>","protected":false},"excerpt":{"rendered":"<p>Cercle de gu\u00e9rison \u00a0 Un cercle de gu\u00e9rison est d\u2019abord un espace de respect, d\u2019ouverture et d\u2019humilit\u00e9. Dans lequel chacun, [&hellip;]<\/p>\n","protected":false},"author":1,"featured_media":1674,"parent":0,"menu_order":0,"comment_status":"closed","ping_status":"closed","template":"","meta":{"site-sidebar-layout":"default","site-content-layout":"","ast-site-content-layout":"default","site-content-style":"default","site-sidebar-style":"default","ast-global-header-display":"","ast-banner-title-visibility":"","ast-main-header-display":"","ast-hfb-above-header-display":"","ast-hfb-below-header-display":"","ast-hfb-mobile-header-display":"","site-post-title":"","ast-breadcrumbs-content":"","ast-featured-img":"","footer-sml-layout":"","ast-disable-related-posts":"","theme-transparent-header-meta":"","adv-header-id-meta":"","stick-header-meta":"","header-above-stick-meta":"","header-main-stick-meta":"","header-below-stick-meta":"","astra-migrate-meta-layouts":"default","ast-page-background-enabled":"default","ast-page-background-meta":{"desktop":{"background-color":"var(--ast-global-color-5)","background-image":"","background-repeat":"repeat","background-position":"center center","background-size":"auto","background-attachment":"scroll","background-type":"","background-media":"","overlay-type":"","overlay-color":"","overlay-opacity":"","overlay-gradient":""},"tablet":{"background-color":"","background-image":"","background-repeat":"repeat","background-position":"center center","background-size":"auto","background-attachment":"scroll","background-type":"","background-media":"","overlay-type":"","overlay-color":"","overlay-opacity":"","overlay-gradient":""},"mobile":{"background-color":"","background-image":"","background-repeat":"repeat","background-position":"center center","background-size":"auto","background-attachment":"scroll","background-type":"","background-media":"","overlay-type":"","overlay-color":"","overlay-opacity":"","overlay-gradient":""}},"ast-content-background-meta":{"desktop":{"background-color":"var(--ast-global-color-4)","background-image":"","background-repeat":"repeat","background-position":"center center","background-size":"auto","background-attachment":"scroll","background-type":"","background-media":"","overlay-type":"","overlay-color":"","overlay-opacity":"","overlay-gradient":""},"tablet":{"background-color":"var(--ast-global-color-4)","background-image":"","background-repeat":"repeat","background-position":"center center","background-size":"auto","background-attachment":"scroll","background-type":"","background-media":"","overlay-type":"","overlay-color":"","overlay-opacity":"","overlay-gradient":""},"mobile":{"background-color":"var(--ast-global-color-4)","background-image":"","background-repeat":"repeat","background-position":"center center","background-size":"auto","background-attachment":"scroll","background-type":"","background-media":"","overlay-type":"","overlay-color":"","overlay-opacity":"","overlay-gradient":""}},"_ti_tpc_template_sync":false,"_ti_tpc_template_id":"","footnotes":""},"class_list":["post-1673","page","type-page","status-publish","has-post-thumbnail","hentry"],"_links":{"self":[{"href":"https:\/\/rodolphevigne.com\/index.php?rest_route=\/wp\/v2\/pages\/1673","targetHints":{"allow":["GET"]}}],"collection":[{"href":"https:\/\/rodolphevigne.com\/index.php?rest_route=\/wp\/v2\/pages"}],"about":[{"href":"https:\/\/rodolphevigne.com\/index.php?rest_route=\/wp\/v2\/types\/page"}],"author":[{"embeddable":true,"href":"https:\/\/rodolphevigne.com\/index.php?rest_route=\/wp\/v2\/users\/1"}],"replies":[{"embeddable":true,"href":"https:\/\/rodolphevigne.com\/index.php?rest_route=%2Fwp%2Fv2%2Fcomments&post=1673"}],"version-history":[{"count":38,"href":"https:\/\/rodolphevigne.com\/index.php?rest_route=\/wp\/v2\/pages\/1673\/revisions"}],"predecessor-version":[{"id":1979,"href":"https:\/\/rodolphevigne.com\/index.php?rest_route=\/wp\/v2\/pages\/1673\/revisions\/1979"}],"wp:featuredmedia":[{"embeddable":true,"href":"https:\/\/rodolphevigne.com\/index.php?rest_route=\/wp\/v2\/media\/1674"}],"wp:attachment":[{"href":"https:\/\/rodolphevigne.com\/index.php?rest_route=%2Fwp%2Fv2%2Fmedia&parent=1673"}],"curies":[{"name":"wp","href":"https:\/\/api.w.org\/{rel}","templated":true}]}}